Last updated on 2024-06-29 12:48:11 CEST.
Flavor | Version | Tinstall | Tcheck | Ttotal | Status | Flags |
---|---|---|---|---|---|---|
r-devel-linux-x86_64-debian-clang | 0.20.21 | 50.00 | 75.07 | 125.07 | OK | |
r-devel-linux-x86_64-debian-gcc | 0.20.21 | 33.02 | 54.84 | 87.86 | OK | |
r-devel-linux-x86_64-fedora-clang | 0.20.21 | 173.56 | NOTE | |||
r-devel-linux-x86_64-fedora-gcc | 0.20.21 | 169.04 | OK | |||
r-devel-windows-x86_64 | 0.20.21 | 42.00 | 92.00 | 134.00 | OK | |
r-patched-linux-x86_64 | 0.20.21 | 47.18 | 72.46 | 119.64 | OK | |
r-release-linux-x86_64 | 0.20.21 | 37.71 | 71.64 | 109.35 | OK | |
r-release-macos-arm64 | 0.20.21 | 40.00 | OK | |||
r-release-macos-x86_64 | 0.20.21 | 66.00 | OK | |||
r-release-windows-x86_64 | 0.20.21 | 41.00 | 93.00 | 134.00 | OK | |
r-oldrel-macos-arm64 | 0.20.21 | 51.00 | OK | |||
r-oldrel-macos-x86_64 | 0.20.21 | 89.00 | OK | |||
r-oldrel-windows-x86_64 | 0.20.21 | 52.00 | 113.00 | 165.00 | OK |
Version: 0.20.21
Check: Rd cross-references
Result: NOTE
Undeclared package ‘RColorBrewer’ in Rd xrefs
Flavor: r-devel-linux-x86_64-fedora-clang