Last updated on 2025-05-28 06:51:21 CEST.
Flavor | Version | Tinstall | Tcheck | Ttotal | Status | Flags |
---|---|---|---|---|---|---|
r-devel-linux-x86_64-debian-clang | 0.6.0 | 17.08 | 70.09 | 87.17 | OK | |
r-devel-linux-x86_64-debian-gcc | 0.6.0 | 9.95 | 52.67 | 62.62 | OK | |
r-devel-linux-x86_64-fedora-clang | 0.6.0 | 133.21 | NOTE | |||
r-devel-linux-x86_64-fedora-gcc | 0.6.0 | 142.77 | NOTE | |||
r-devel-windows-x86_64 | 0.6.0 | 18.00 | 92.00 | 110.00 | OK | |
r-patched-linux-x86_64 | 0.6.0 | 14.56 | 66.96 | 81.52 | OK | |
r-release-linux-x86_64 | 0.6.0 | 13.33 | 66.43 | 79.76 | OK | |
r-release-macos-arm64 | 0.6.0 | 73.00 | OK | |||
r-release-macos-x86_64 | 0.6.0 | 93.00 | OK | |||
r-release-windows-x86_64 | 0.6.0 | 18.00 | 90.00 | 108.00 | OK | |
r-oldrel-macos-arm64 | 0.6.0 | 61.00 | OK | |||
r-oldrel-macos-x86_64 | 0.6.0 | 139.00 | OK | |||
r-oldrel-windows-x86_64 | 0.6.0 | 25.00 | 107.00 | 132.00 | OK |
Version: 0.6.0
Check: dependencies in R code
Result: NOTE
Namespaces in Imports field not imported from:
‘knitr’ ‘markdown’
All declared Imports should be used.
Flavors: r-devel-linux-x86_64-fedora-clang, r-devel-linux-x86_64-fedora-gcc