Last updated on 2025-11-22 05:48:30 CET.
| Flavor | Version | Tinstall | Tcheck | Ttotal | Status | Flags |
|---|---|---|---|---|---|---|
| r-devel-linux-x86_64-debian-clang | 0.1.1 | 6.97 | 100.11 | 107.08 | NOTE | |
| r-devel-linux-x86_64-debian-gcc | 0.1.1 | 5.02 | 72.93 | 77.95 | NOTE | |
| r-devel-linux-x86_64-fedora-clang | 0.1.1 | 64.00 | 127.46 | 191.46 | NOTE | |
| r-devel-windows-x86_64 | 0.1.1 | 10.00 | 105.00 | 115.00 | NOTE | |
| r-patched-linux-x86_64 | 0.1.1 | 7.51 | 92.35 | 99.86 | NOTE | |
| r-release-linux-x86_64 | 0.1.1 | 6.77 | 93.55 | 100.32 | NOTE | |
| r-release-macos-arm64 | 0.1.1 | NOTE | ||||
| r-release-macos-x86_64 | 0.1.1 | 6.00 | 78.00 | 84.00 | NOTE | |
| r-release-windows-x86_64 | 0.1.1 | 8.00 | 105.00 | 113.00 | NOTE | |
| r-oldrel-macos-arm64 | 0.1.1 | NOTE | ||||
| r-oldrel-macos-x86_64 | 0.1.1 | 4.00 | 65.00 | 69.00 | NOTE | |
| r-oldrel-windows-x86_64 | 0.1.1 | 13.00 | 135.00 | 148.00 | NOTE |
Version: 0.1.1
Check: Rd files
Result: NOTE
checkRd: (-1) estimate_density.Rd:25: Lost braces; missing escapes or markup?
25 | evenly spaced points between \code{min} and {max}.
| ^
Flavors: r-devel-linux-x86_64-debian-clang, r-devel-linux-x86_64-debian-gcc, r-devel-linux-x86_64-fedora-clang, r-devel-windows-x86_64, r-patched-linux-x86_64, r-release-linux-x86_64, r-release-macos-arm64, r-release-macos-x86_64, r-release-windows-x86_64, r-oldrel-macos-arm64, r-oldrel-macos-x86_64, r-oldrel-windows-x86_64