Last updated on 2024-06-26 18:58:36 CEST.
Flavor | Version | Tinstall | Tcheck | Ttotal | Status | Flags |
---|---|---|---|---|---|---|
r-devel-linux-x86_64-debian-clang | 1.0.4 | NOTE | ||||
r-devel-linux-x86_64-debian-gcc | 1.0.4 | 42.43 | 77.01 | 119.44 | NOTE | |
r-devel-linux-x86_64-fedora-clang | 1.0.4 | 219.62 | NOTE | |||
r-devel-linux-x86_64-fedora-gcc | 1.0.4 | 240.73 | NOTE | |||
r-devel-windows-x86_64 | 1.0.4 | 46.00 | 146.00 | 192.00 | NOTE | |
r-patched-linux-x86_64 | 1.0.4 | 46.07 | 104.40 | 150.47 | NOTE | |
r-release-linux-x86_64 | 1.0.4 | 45.24 | 102.72 | 147.96 | NOTE | |
r-release-macos-arm64 | 1.0.4 | 80.00 | NOTE | |||
r-release-macos-x86_64 | 1.0.4 | 95.00 | NOTE | |||
r-release-windows-x86_64 | 1.0.4 | 46.00 | 149.00 | 195.00 | NOTE | |
r-oldrel-macos-arm64 | 1.0.4 | 72.00 | NOTE | |||
r-oldrel-macos-x86_64 | 1.0.4 | 174.00 | NOTE | |||
r-oldrel-windows-x86_64 | 1.0.4 | 59.00 | 173.00 | 232.00 | NOTE |
Version: 1.0.4
Check: for GNU extensions in Makefiles
Result: NOTE
GNU make is a SystemRequirements.
Flavors: r-devel-linux-x86_64-debian-clang, r-devel-linux-x86_64-debian-gcc, r-devel-linux-x86_64-fedora-clang, r-devel-linux-x86_64-fedora-gcc, r-devel-windows-x86_64, r-patched-linux-x86_64, r-release-linux-x86_64, r-release-macos-arm64, r-release-macos-x86_64, r-release-windows-x86_64, r-oldrel-macos-arm64, r-oldrel-macos-x86_64, r-oldrel-windows-x86_64
Version: 1.0.4
Check: installed package size
Result: NOTE
installed size is 5.1Mb
sub-directories of 1Mb or more:
libs 4.7Mb
Flavors: r-release-macos-arm64, r-release-macos-x86_64, r-oldrel-macos-arm64, r-oldrel-macos-x86_64