Last updated on 2025-11-03 17:49:44 CET.
| Flavor | Version | Tinstall | Tcheck | Ttotal | Status | Flags |
|---|---|---|---|---|---|---|
| r-devel-linux-x86_64-debian-clang | 1.0.4 | 38.85 | 84.64 | 123.49 | OK | |
| r-devel-linux-x86_64-debian-gcc | 1.0.4 | 27.03 | 59.25 | 86.28 | OK | |
| r-devel-linux-x86_64-fedora-clang | 1.0.4 | 158.00 | 54.61 | 212.61 | OK | |
| r-devel-linux-x86_64-fedora-gcc | 1.0.4 | 94.00 | 123.39 | 217.39 | OK | |
| r-devel-windows-x86_64 | 1.0.4 | 46.00 | 140.00 | 186.00 | OK | |
| r-patched-linux-x86_64 | 1.0.4 | 39.29 | 79.04 | 118.33 | OK | |
| r-release-linux-x86_64 | 1.0.4 | 40.36 | 80.20 | 120.56 | OK | |
| r-release-macos-arm64 | 1.0.4 | 16.00 | 57.00 | 73.00 | OK | |
| r-release-macos-x86_64 | 1.0.4 | 33.00 | 107.00 | 140.00 | OK | |
| r-release-windows-x86_64 | 1.0.4 | 46.00 | 142.00 | 188.00 | OK | |
| r-oldrel-macos-arm64 | 1.0.4 | 9.00 | 36.00 | 45.00 | NOTE | |
| r-oldrel-macos-x86_64 | 1.0.4 | 15.00 | 58.00 | 73.00 | NOTE | |
| r-oldrel-windows-x86_64 | 1.0.4 | 55.00 | 181.00 | 236.00 | NOTE |
Version: 1.0.4
Check: installed package size
Result: NOTE
installed size is 5.1Mb
sub-directories of 1Mb or more:
libs 4.7Mb
Flavors: r-oldrel-macos-arm64, r-oldrel-macos-x86_64
Version: 1.0.4
Check: for GNU extensions in Makefiles
Result: NOTE
GNU make is a SystemRequirements.
Flavors: r-oldrel-macos-arm64, r-oldrel-macos-x86_64, r-oldrel-windows-x86_64