CRAN Package Check Results for Package brandwatchR

Last updated on 2025-05-28 18:51:14 CEST.

Flavor Version Tinstall Tcheck Ttotal Status Flags
r-devel-linux-x86_64-debian-clang 0.3.0 1.99 23.40 25.39 OK
r-devel-linux-x86_64-debian-gcc 0.3.0 1.89 18.48 20.37 OK
r-devel-linux-x86_64-fedora-clang 0.3.0 41.09 OK
r-devel-linux-x86_64-fedora-gcc 0.3.0 40.17 OK
r-devel-windows-x86_64 0.3.0 4.00 48.00 52.00 OK
r-patched-linux-x86_64 0.3.0 3.01 22.41 25.42 OK
r-release-linux-x86_64 0.3.0 1.97 22.34 24.31 OK
r-release-macos-arm64 0.3.0 21.00 OK
r-release-macos-x86_64 0.3.0 32.00 OK
r-release-windows-x86_64 0.3.0 5.00 49.00 54.00 OK
r-oldrel-macos-arm64 0.3.0 18.00 NOTE
r-oldrel-macos-x86_64 0.3.0 37.00 NOTE
r-oldrel-windows-x86_64 0.3.0 4.00 57.00 61.00 NOTE

Check Details

Version: 0.3.0
Check: LazyData
Result: NOTE 'LazyData' is specified without a 'data' directory Flavors: r-oldrel-macos-arm64, r-oldrel-macos-x86_64, r-oldrel-windows-x86_64

mirror server hosted at Truenetwork, Russian Federation.