CRAN Package Check Results for Package brm

Last updated on 2025-11-24 11:50:01 CET.

Flavor Version Tinstall Tcheck Ttotal Status Flags
r-devel-linux-x86_64-debian-clang 1.1.1 3.20 25.41 28.61 NOTE
r-devel-linux-x86_64-debian-gcc 1.1.1 1.96 19.75 21.71 NOTE
r-devel-linux-x86_64-fedora-clang 1.1.1 43.16 OK
r-devel-windows-x86_64 1.1.1 4.00 42.00 46.00 OK
r-patched-linux-x86_64 1.1.1 2.67 23.74 26.41 OK
r-release-linux-x86_64 1.1.1 3.15 23.80 26.95 OK
r-release-macos-arm64 1.1.1 OK
r-release-macos-x86_64 1.1.1 3.00 25.00 28.00 OK
r-release-windows-x86_64 1.1.1 3.00 47.00 50.00 OK
r-oldrel-macos-arm64 1.1.1 OK
r-oldrel-macos-x86_64 1.1.1 2.00 20.00 22.00 OK
r-oldrel-windows-x86_64 1.1.1 4.00 48.00 52.00 OK

Check Details

Version: 1.1.1
Check: CRAN incoming feasibility
Result: NOTE Maintainer: ‘Mark Clements <mark.clements@ki.se>’ No Authors@R field in DESCRIPTION. Please add one, modifying Authors@R: c(person(given = "Linbo", family = "Wang", role = "aut"), person(given = "Mark", family = "Clements", role = c("aut", "cre"), email = "mark.clements@ki.se"), person(given = "Thomas", family = "Richardson", role = "aut")) as necessary. Package CITATION file contains call(s) to old-style personList() or as.personList(). Please use c() on person objects instead. Flavors: r-devel-linux-x86_64-debian-clang, r-devel-linux-x86_64-debian-gcc

mirror server hosted at Truenetwork, Russian Federation.