Last updated on 2025-05-28 06:51:22 CEST.
Flavor | Version | Tinstall | Tcheck | Ttotal | Status | Flags |
---|---|---|---|---|---|---|
r-devel-linux-x86_64-debian-clang | 0.0.2 | 10.05 | 25.45 | 35.50 | OK | |
r-devel-linux-x86_64-debian-gcc | 0.0.2 | 6.63 | 20.09 | 26.72 | OK | |
r-devel-linux-x86_64-fedora-clang | 0.0.2 | 53.93 | NOTE | |||
r-devel-linux-x86_64-fedora-gcc | 0.0.2 | 51.15 | NOTE | |||
r-devel-windows-x86_64 | 0.0.2 | 10.00 | 51.00 | 61.00 | OK | |
r-patched-linux-x86_64 | 0.0.2 | 8.99 | 23.34 | 32.33 | OK | |
r-release-linux-x86_64 | 0.0.2 | 7.71 | 23.54 | 31.25 | OK | |
r-release-macos-arm64 | 0.0.2 | 23.00 | OK | |||
r-release-macos-x86_64 | 0.0.2 | 35.00 | OK | |||
r-release-windows-x86_64 | 0.0.2 | 10.00 | 47.00 | 57.00 | OK | |
r-oldrel-macos-arm64 | 0.0.2 | 20.00 | OK | |||
r-oldrel-macos-x86_64 | 0.0.2 | 29.00 | OK | |||
r-oldrel-windows-x86_64 | 0.0.2 | 14.00 | 52.00 | 66.00 | OK |
Version: 0.0.2
Check: dependencies in R code
Result: NOTE
Namespaces in Imports field not imported from:
‘Matrix’ ‘grDevices’ ‘graphics’
All declared Imports should be used.
Flavors: r-devel-linux-x86_64-fedora-clang, r-devel-linux-x86_64-fedora-gcc