CRAN Package Check Results for Package bubblyr

Last updated on 2025-05-26 00:48:27 CEST.

Flavor Version Tinstall Tcheck Ttotal Status Flags
r-devel-linux-x86_64-debian-clang 0.1.2 2.15 23.20 25.35 OK
r-devel-linux-x86_64-debian-gcc 0.1.2 1.80 19.08 20.88 OK
r-devel-linux-x86_64-fedora-clang 0.1.2 38.88 OK
r-devel-linux-x86_64-fedora-gcc 0.1.2 51.19 OK
r-devel-windows-x86_64 0.1.2 3.00 48.00 51.00 OK
r-patched-linux-x86_64 0.1.2 2.14 21.23 23.37 OK
r-release-linux-x86_64 0.1.2 1.80 21.70 23.50 OK
r-release-macos-arm64 0.1.2 30.00 OK
r-release-macos-x86_64 0.1.2 46.00 OK
r-release-windows-x86_64 0.1.2 3.00 49.00 52.00 OK
r-oldrel-macos-arm64 0.1.2 23.00 NOTE
r-oldrel-macos-x86_64 0.1.2 35.00 NOTE
r-oldrel-windows-x86_64 0.1.2 4.00 52.00 56.00 NOTE

Check Details

Version: 0.1.2
Check: LazyData
Result: NOTE 'LazyData' is specified without a 'data' directory Flavors: r-oldrel-macos-arm64, r-oldrel-macos-x86_64, r-oldrel-windows-x86_64

mirror server hosted at Truenetwork, Russian Federation.