Last updated on 2025-11-22 05:48:30 CET.
| Flavor | Version | Tinstall | Tcheck | Ttotal | Status | Flags |
|---|---|---|---|---|---|---|
| r-devel-linux-x86_64-debian-clang | 0.6.1 | 5.18 | 103.01 | 108.19 | NOTE | |
| r-devel-linux-x86_64-debian-gcc | 0.6.1 | 3.55 | 71.32 | 74.87 | NOTE | |
| r-devel-linux-x86_64-fedora-clang | 0.6.1 | 14.00 | 151.15 | 165.15 | OK | |
| r-devel-windows-x86_64 | 0.6.1 | 11.00 | 108.00 | 119.00 | OK | |
| r-patched-linux-x86_64 | 0.6.1 | 6.70 | 94.86 | 101.56 | OK | |
| r-release-linux-x86_64 | 0.6.1 | 4.21 | 93.63 | 97.84 | OK | |
| r-release-macos-arm64 | 0.6.1 | OK | ||||
| r-release-macos-x86_64 | 0.6.1 | 5.00 | 119.00 | 124.00 | OK | |
| r-release-windows-x86_64 | 0.6.1 | 9.00 | 111.00 | 120.00 | OK | |
| r-oldrel-macos-arm64 | 0.6.1 | OK | ||||
| r-oldrel-macos-x86_64 | 0.6.1 | 4.00 | 66.00 | 70.00 | OK | |
| r-oldrel-windows-x86_64 | 0.6.1 | 10.00 | 142.00 | 152.00 | OK |
Version: 0.6.1
Check: CRAN incoming feasibility
Result: NOTE
Maintainer: ‘Steven Malevich <sbmalev@gmail.com>’
Package CITATION file contains call(s) to old-style personList() or
as.personList(). Please use c() on person objects instead.
Package CITATION file contains call(s) to old-style citEntry(). Please
use bibentry() instead.
Flavors: r-devel-linux-x86_64-debian-clang, r-devel-linux-x86_64-debian-gcc