CRAN Package Check Results for Package bwsTools

Last updated on 2025-11-02 11:50:15 CET.

Flavor Version Tinstall Tcheck Ttotal Status Flags
r-devel-linux-x86_64-debian-clang 1.2.0 3.15 171.32 174.47 NOTE
r-devel-linux-x86_64-debian-gcc 1.2.0 2.37 111.54 113.91 NOTE
r-devel-linux-x86_64-fedora-clang 1.2.0 268.66 NOTE
r-devel-linux-x86_64-fedora-gcc 1.2.0 270.59 NOTE
r-devel-windows-x86_64 1.2.0 4.00 152.00 156.00 NOTE
r-patched-linux-x86_64 1.2.0 2.86 162.81 165.67 NOTE
r-release-linux-x86_64 1.2.0 3.06 160.83 163.89 NOTE
r-release-macos-arm64 1.2.0 2.00 201.00 203.00 NOTE
r-release-macos-x86_64 1.2.0 4.00 315.00 319.00 NOTE
r-release-windows-x86_64 1.2.0 5.00 149.00 154.00 NOTE
r-oldrel-macos-arm64 1.2.0 2.00 78.00 80.00 NOTE
r-oldrel-macos-x86_64 1.2.0 4.00 209.00 213.00 NOTE
r-oldrel-windows-x86_64 1.2.0 6.00 230.00 236.00 NOTE

Check Details

Version: 1.2.0
Check: package subdirectories
Result: NOTE Problems with news in ‘NEWS.md’: No news entries found. Flavors: r-devel-linux-x86_64-debian-clang, r-devel-linux-x86_64-debian-gcc, r-devel-linux-x86_64-fedora-clang, r-devel-linux-x86_64-fedora-gcc, r-devel-windows-x86_64, r-patched-linux-x86_64, r-release-linux-x86_64, r-release-macos-arm64, r-release-macos-x86_64, r-release-windows-x86_64, r-oldrel-macos-arm64, r-oldrel-macos-x86_64, r-oldrel-windows-x86_64

mirror server hosted at Truenetwork, Russian Federation.