CRAN Package Check Results for Package c2c

Last updated on 2025-11-03 05:50:36 CET.

Flavor Version Tinstall Tcheck Ttotal Status Flags
r-devel-linux-x86_64-debian-clang 0.1.0 1.75 24.47 26.22 NOTE
r-devel-linux-x86_64-debian-gcc 0.1.0 1.40 21.18 22.58 NOTE
r-devel-linux-x86_64-fedora-clang 0.1.0 39.13 OK
r-devel-linux-x86_64-fedora-gcc 0.1.0 52.09 OK
r-devel-windows-x86_64 0.1.0 3.00 42.00 45.00 OK
r-patched-linux-x86_64 0.1.0 1.80 22.57 24.37 OK
r-release-linux-x86_64 0.1.0 1.67 22.82 24.49 OK
r-release-macos-arm64 0.1.0 1.00 24.00 25.00 OK
r-release-macos-x86_64 0.1.0 2.00 39.00 41.00 OK
r-release-windows-x86_64 0.1.0 3.00 42.00 45.00 OK
r-oldrel-macos-arm64 0.1.0 1.00 27.00 28.00 NOTE
r-oldrel-macos-x86_64 0.1.0 1.00 31.00 32.00 NOTE
r-oldrel-windows-x86_64 0.1.0 4.00 49.00 53.00 NOTE

Check Details

Version: 0.1.0
Check: CRAN incoming feasibility
Result: NOTE Maintainer: ‘Mitchell Lyons <mitchell.lyons@gmail.com>’ Found the following \keyword or \concept entries which likely give several index terms: File ‘calculate_clustering_metrics.Rd’: \keyword{matrix,} \keyword{metrics,} Flavors: r-devel-linux-x86_64-debian-clang, r-devel-linux-x86_64-debian-gcc

Version: 0.1.0
Check: LazyData
Result: NOTE 'LazyData' is specified without a 'data' directory Flavors: r-oldrel-macos-arm64, r-oldrel-macos-x86_64, r-oldrel-windows-x86_64

mirror server hosted at Truenetwork, Russian Federation.