Last updated on 2025-11-24 11:50:03 CET.
| Flavor | Version | Tinstall | Tcheck | Ttotal | Status | Flags |
|---|---|---|---|---|---|---|
| r-devel-linux-x86_64-debian-clang | 1.0.1 | 1.74 | 30.54 | 32.28 | NOTE | |
| r-devel-linux-x86_64-debian-gcc | 1.0.1 | 1.42 | 24.28 | 25.70 | NOTE | |
| r-devel-linux-x86_64-fedora-clang | 1.0.1 | 52.75 | OK | |||
| r-devel-windows-x86_64 | 1.0.1 | 3.00 | 49.00 | 52.00 | OK | |
| r-patched-linux-x86_64 | 1.0.1 | 1.66 | 29.52 | 31.18 | OK | |
| r-release-linux-x86_64 | 1.0.1 | 1.68 | 29.02 | 30.70 | OK | |
| r-release-macos-arm64 | 1.0.1 | OK | ||||
| r-release-macos-x86_64 | 1.0.1 | 2.00 | 45.00 | 47.00 | OK | |
| r-release-windows-x86_64 | 1.0.1 | 3.00 | 58.00 | 61.00 | OK | |
| r-oldrel-macos-arm64 | 1.0.1 | OK | ||||
| r-oldrel-macos-x86_64 | 1.0.1 | 2.00 | 34.00 | 36.00 | OK | |
| r-oldrel-windows-x86_64 | 1.0.1 | 3.00 | 55.00 | 58.00 | OK |
Version: 1.0.1
Check: CRAN incoming feasibility
Result: NOTE
Maintainer: ‘Taylor Brown <trb5me@virginia.edu>’
The Description field contains
Doucet and Pitt (2017) <arXiv:1511.04992>. If the 'rho=' argument of
Please refer to arXiv e-prints via their arXiv DOI <doi:10.48550/arXiv.YYMM.NNNNN>.
Flavors: r-devel-linux-x86_64-debian-clang, r-devel-linux-x86_64-debian-gcc