Last updated on 2025-11-02 17:49:33 CET.
| Flavor | Version | Tinstall | Tcheck | Ttotal | Status | Flags |
|---|---|---|---|---|---|---|
| r-devel-linux-x86_64-debian-clang | 0.71.1 | 6.93 | 40.76 | 47.69 | NOTE | |
| r-devel-linux-x86_64-debian-gcc | 0.71.1 | 4.25 | 29.03 | 33.28 | NOTE | |
| r-devel-linux-x86_64-fedora-clang | 0.71.1 | 14.00 | 58.90 | 72.90 | NOTE | |
| r-devel-linux-x86_64-fedora-gcc | 0.71.1 | 12.00 | 54.88 | 66.88 | NOTE | |
| r-devel-windows-x86_64 | 0.71.1 | 8.00 | 60.00 | 68.00 | NOTE | |
| r-patched-linux-x86_64 | 0.71.1 | 6.60 | 38.25 | 44.85 | NOTE | |
| r-release-linux-x86_64 | 0.71.1 | 4.64 | 37.87 | 42.51 | NOTE | |
| r-release-macos-arm64 | 0.71.1 | 3.00 | 21.00 | 24.00 | NOTE | |
| r-release-macos-x86_64 | 0.71.1 | 5.00 | 35.00 | 40.00 | NOTE | |
| r-release-windows-x86_64 | 0.71.1 | 8.00 | 60.00 | 68.00 | NOTE | |
| r-oldrel-macos-arm64 | 0.71.1 | 3.00 | 25.00 | 28.00 | NOTE | |
| r-oldrel-macos-x86_64 | 0.71.1 | 4.00 | 28.00 | 32.00 | NOTE | |
| r-oldrel-windows-x86_64 | 0.71.1 | 8.00 | 69.00 | 77.00 | NOTE |
Version: 0.71.1
Check: CRAN incoming feasibility
Result: NOTE
Maintainer: ‘Oleg Nenadic <onenadi@uni-goettingen.de>’
Package CITATION file contains call(s) to old-style personList() or
as.personList(). Please use c() on person objects instead.
Package CITATION file contains call(s) to old-style citEntry(). Please
use bibentry() instead.
Flavors: r-devel-linux-x86_64-debian-clang, r-devel-linux-x86_64-debian-gcc
Version: 0.71.1
Check: Rd files
Result: NOTE
checkRd: (-1) plot.ca.rd:53: Lost braces in \itemize; meant \describe ?
checkRd: (-1) plot.ca.rd:56: Lost braces in \itemize; meant \describe ?
checkRd: (-1) plot.ca.rd:59: Lost braces in \itemize; meant \describe ?
checkRd: (-1) plot.ca.rd:62: Lost braces in \itemize; meant \describe ?
checkRd: (-1) plot.mjca.rd:57: Lost braces in \itemize; meant \describe ?
checkRd: (-1) plot.mjca.rd:60: Lost braces in \itemize; meant \describe ?
checkRd: (-1) plot.mjca.rd:63: Lost braces in \itemize; meant \describe ?
checkRd: (-1) plot.mjca.rd:66: Lost braces in \itemize; meant \describe ?
Flavors: r-devel-linux-x86_64-debian-clang, r-devel-linux-x86_64-debian-gcc, r-devel-linux-x86_64-fedora-clang, r-devel-linux-x86_64-fedora-gcc, r-devel-windows-x86_64, r-patched-linux-x86_64, r-release-linux-x86_64, r-release-macos-arm64, r-release-macos-x86_64, r-release-windows-x86_64, r-oldrel-macos-arm64, r-oldrel-macos-x86_64, r-oldrel-windows-x86_64