Last updated on 2024-06-18 00:57:23 CEST.
Flavor | Version | Tinstall | Tcheck | Ttotal | Status | Flags |
---|---|---|---|---|---|---|
r-devel-linux-x86_64-debian-clang | 1.3 | 5.28 | 401.63 | 406.91 | OK | |
r-devel-linux-x86_64-debian-gcc | 1.3 | 3.34 | 312.62 | 315.96 | OK | |
r-devel-linux-x86_64-fedora-clang | 1.3 | 550.38 | NOTE | |||
r-devel-linux-x86_64-fedora-gcc | 1.3 | 550.17 | OK | |||
r-devel-windows-x86_64 | 1.3 | 5.00 | 130.00 | 135.00 | NOTE | |
r-patched-linux-x86_64 | 1.3 | 6.05 | 382.94 | 388.99 | OK | |
r-release-linux-x86_64 | 1.3 | 5.24 | 390.53 | 395.77 | OK | |
r-release-macos-arm64 | 1.3 | 58.00 | NOTE | |||
r-release-macos-x86_64 | 1.3 | 107.00 | NOTE | |||
r-release-windows-x86_64 | 1.3 | 6.00 | 130.00 | 136.00 | NOTE | |
r-oldrel-macos-arm64 | 1.3 | 64.00 | NOTE | |||
r-oldrel-macos-x86_64 | 1.3 | 98.00 | NOTE | |||
r-oldrel-windows-x86_64 | 1.3 | 6.00 | 151.00 | 157.00 | NOTE |
Version: 1.3
Check: installed package size
Result: NOTE
installed size is 5.9Mb
sub-directories of 1Mb or more:
doc 5.7Mb
Flavors: r-devel-linux-x86_64-fedora-clang, r-devel-windows-x86_64, r-release-macos-arm64, r-release-macos-x86_64, r-release-windows-x86_64, r-oldrel-macos-arm64, r-oldrel-macos-x86_64, r-oldrel-windows-x86_64