CRAN Package Check Results for Package calibrateBinary

Last updated on 2025-11-03 17:49:44 CET.

Flavor Version Tinstall Tcheck Ttotal Status Flags
r-devel-linux-x86_64-debian-clang 0.1 4.08 48.82 52.90 NOTE
r-devel-linux-x86_64-debian-gcc 0.1 3.26 35.39 38.65 NOTE
r-devel-linux-x86_64-fedora-clang 0.1 81.56 OK
r-devel-linux-x86_64-fedora-gcc 0.1 78.09 OK
r-devel-windows-x86_64 0.1 5.00 62.00 67.00 OK
r-patched-linux-x86_64 0.1 4.94 47.01 51.95 OK
r-release-linux-x86_64 0.1 3.31 46.91 50.22 OK
r-release-macos-arm64 0.1 4.00 27.00 31.00 OK
r-release-macos-x86_64 0.1 5.00 45.00 50.00 OK
r-release-windows-x86_64 0.1 6.00 59.00 65.00 OK
r-oldrel-macos-arm64 0.1 2.00 23.00 25.00 OK
r-oldrel-macos-x86_64 0.1 4.00 37.00 41.00 OK
r-oldrel-windows-x86_64 0.1 7.00 71.00 78.00 OK

Check Details

Version: 0.1
Check: CRAN incoming feasibility
Result: NOTE Maintainer: ‘Chih-Li Sung <iamdfchile@gmail.com>’ No Authors@R field in DESCRIPTION. Please add one, modifying Authors@R: person(given = "Chih-Li", family = "Sung", role = c("aut", "cre"), email = "iamdfchile@gmail.com") as necessary. The Description field contains <arXiv:1806.01453>. This calibration method is particularly useful when Please refer to arXiv e-prints via their arXiv DOI <doi:10.48550/arXiv.YYMM.NNNNN>. Flavors: r-devel-linux-x86_64-debian-clang, r-devel-linux-x86_64-debian-gcc

mirror server hosted at Truenetwork, Russian Federation.