Last updated on 2024-06-30 06:55:31 CEST.
Flavor | Version | Tinstall | Tcheck | Ttotal | Status | Flags |
---|---|---|---|---|---|---|
r-devel-linux-x86_64-debian-clang | 0.5.0 | 16.65 | 407.18 | 423.83 | OK | |
r-devel-linux-x86_64-debian-gcc | 0.5.0 | 12.26 | 301.90 | 314.16 | OK | |
r-devel-linux-x86_64-fedora-clang | 0.5.0 | 510.06 | NOTE | |||
r-devel-linux-x86_64-fedora-gcc | 0.5.0 | 533.87 | NOTE | |||
r-devel-windows-x86_64 | 0.5.0 | 13.00 | 302.00 | 315.00 | OK | |
r-patched-linux-x86_64 | 0.5.0 | 11.44 | 378.90 | 390.34 | OK | |
r-release-linux-x86_64 | 0.5.0 | 9.42 | 378.27 | 387.69 | OK | |
r-release-macos-arm64 | 0.5.0 | 137.00 | OK | |||
r-release-macos-x86_64 | 0.5.0 | 198.00 | OK | |||
r-release-windows-x86_64 | 0.5.0 | 15.00 | 297.00 | 312.00 | OK | |
r-oldrel-macos-arm64 | 0.5.0 | 196.00 | OK | |||
r-oldrel-macos-x86_64 | 0.5.0 | 305.00 | OK | |||
r-oldrel-windows-x86_64 | 0.5.0 | 19.00 | 399.00 | 418.00 | OK |
Version: 0.5.0
Check: data for non-ASCII characters
Result: NOTE
Note: found 58 marked UTF-8 strings
Flavors: r-devel-linux-x86_64-fedora-clang, r-devel-linux-x86_64-fedora-gcc