Last updated on 2025-11-24 11:50:02 CET.
| Flavor | Version | Tinstall | Tcheck | Ttotal | Status | Flags |
|---|---|---|---|---|---|---|
| r-devel-linux-x86_64-debian-clang | 0.1 | 7.29 | 66.10 | 73.39 | OK | |
| r-devel-linux-x86_64-debian-gcc | 0.1 | 4.85 | 48.16 | 53.01 | OK | |
| r-devel-linux-x86_64-fedora-clang | 0.1 | 45.00 | ERROR | |||
| r-devel-windows-x86_64 | 0.1 | 14.00 | 68.00 | 82.00 | OK | |
| r-patched-linux-x86_64 | 0.1 | 7.40 | 60.78 | 68.18 | OK | |
| r-release-linux-x86_64 | 0.1 | 6.71 | 62.02 | 68.73 | OK | |
| r-release-macos-arm64 | 0.1 | OK | ||||
| r-release-macos-x86_64 | 0.1 | 11.00 | 90.00 | 101.00 | OK | |
| r-release-windows-x86_64 | 0.1 | 9.00 | 70.00 | 79.00 | OK | |
| r-oldrel-macos-arm64 | 0.1 | OK | ||||
| r-oldrel-macos-x86_64 | 0.1 | 6.00 | 46.00 | 52.00 | OK | |
| r-oldrel-windows-x86_64 | 0.1 | 13.00 | 85.00 | 98.00 | OK |
Version: 0.1
Check: examples
Result: ERROR
Running examples in ‘canadamaps-Ex.R’ failed
The error most likely occurred in:
> ### Name: get_agricultural_divisions
> ### Title: Canadian Map at Census Agricultural Region (CAR) Level
> ### Aliases: get_agricultural_divisions
>
> ### ** Examples
>
> get_agricultural_divisions(
+ census_divisions[census_divisions$prname == "Ontario",]
+ )
Error in loadNamespace(x) : there is no package called ‘geojsonsf’
Calls: get_agricultural_divisions ... loadNamespace -> withRestarts -> withOneRestart -> doWithOneRestart
Execution halted
Flavor: r-devel-linux-x86_64-fedora-clang