CRAN Package Check Results for Package cardidates

Last updated on 2025-11-02 17:49:33 CET.

Flavor Version Tinstall Tcheck Ttotal Status Flags
r-devel-linux-x86_64-debian-clang 0.4.9 2.87 42.98 45.85 NOTE
r-devel-linux-x86_64-debian-gcc 0.4.9 2.06 33.30 35.36 NOTE
r-devel-linux-x86_64-fedora-clang 0.4.9 68.68 NOTE
r-devel-linux-x86_64-fedora-gcc 0.4.9 79.67 NOTE
r-devel-windows-x86_64 0.4.9 4.00 87.00 91.00 NOTE
r-patched-linux-x86_64 0.4.9 3.39 40.95 44.34 NOTE
r-release-linux-x86_64 0.4.9 2.61 41.03 43.64 NOTE
r-release-macos-arm64 0.4.9 1.00 42.00 43.00 NOTE
r-release-macos-x86_64 0.4.9 2.00 59.00 61.00 NOTE
r-release-windows-x86_64 0.4.9 4.00 85.00 89.00 NOTE
r-oldrel-macos-arm64 0.4.9 2.00 29.00 31.00 NOTE
r-oldrel-macos-x86_64 0.4.9 2.00 45.00 47.00 NOTE
r-oldrel-windows-x86_64 0.4.9 4.00 92.00 96.00 NOTE

Check Details

Version: 0.4.9
Check: Rd files
Result: NOTE checkRd: (-1) fitweibull.Rd:51: Lost braces in \itemize; \value handles \item{}{} directly checkRd: (-1) fitweibull.Rd:52: Lost braces in \itemize; \value handles \item{}{} directly checkRd: (-1) fitweibull.Rd:53: Lost braces in \itemize; \value handles \item{}{} directly Flavors: r-devel-linux-x86_64-debian-clang, r-devel-linux-x86_64-debian-gcc, r-devel-linux-x86_64-fedora-clang, r-devel-linux-x86_64-fedora-gcc, r-devel-windows-x86_64, r-patched-linux-x86_64, r-release-linux-x86_64, r-release-macos-arm64, r-release-macos-x86_64, r-release-windows-x86_64, r-oldrel-macos-arm64, r-oldrel-macos-x86_64, r-oldrel-windows-x86_64

mirror server hosted at Truenetwork, Russian Federation.