Last updated on 2025-11-03 05:50:37 CET.
| Flavor | Version | Tinstall | Tcheck | Ttotal | Status | Flags |
|---|---|---|---|---|---|---|
| r-devel-linux-x86_64-debian-clang | 0.5.0 | 3.95 | 36.66 | 40.61 | OK | |
| r-devel-linux-x86_64-debian-gcc | 0.5.0 | 2.60 | 27.03 | 29.63 | OK | |
| r-devel-linux-x86_64-fedora-clang | 0.5.0 | 60.46 | OK | |||
| r-devel-linux-x86_64-fedora-gcc | 0.5.0 | 58.32 | OK | |||
| r-devel-windows-x86_64 | 0.5.0 | 6.00 | 51.00 | 57.00 | OK | |
| r-patched-linux-x86_64 | 0.5.0 | 3.70 | 33.50 | 37.20 | OK | |
| r-release-linux-x86_64 | 0.5.0 | 3.42 | 33.74 | 37.16 | OK | |
| r-release-macos-arm64 | 0.5.0 | 2.00 | 23.00 | 25.00 | OK | |
| r-release-macos-x86_64 | 0.5.0 | 3.00 | 33.00 | 36.00 | OK | |
| r-release-windows-x86_64 | 0.5.0 | 5.00 | 50.00 | 55.00 | OK | |
| r-oldrel-macos-arm64 | 0.5.0 | 2.00 | 20.00 | 22.00 | NOTE | |
| r-oldrel-macos-x86_64 | 0.5.0 | 3.00 | 29.00 | 32.00 | NOTE | |
| r-oldrel-windows-x86_64 | 0.5.0 | 6.00 | 60.00 | 66.00 | NOTE |
Version: 0.5.0
Check: LazyData
Result: NOTE
'LazyData' is specified without a 'data' directory
Flavors: r-oldrel-macos-arm64, r-oldrel-macos-x86_64, r-oldrel-windows-x86_64