Last updated on 2025-11-03 05:50:37 CET.
| Flavor | Version | Tinstall | Tcheck | Ttotal | Status | Flags |
|---|---|---|---|---|---|---|
| r-devel-linux-x86_64-debian-clang | 0.99.4 | 47.18 | 368.23 | 415.41 | NOTE | |
| r-devel-linux-x86_64-debian-gcc | 0.99.4 | 29.84 | 237.52 | 267.36 | NOTE | |
| r-devel-linux-x86_64-fedora-clang | 0.99.4 | 109.00 | 538.18 | 647.18 | OK | |
| r-devel-linux-x86_64-fedora-gcc | 0.99.4 | 202.00 | 460.66 | 662.66 | OK | |
| r-devel-windows-x86_64 | 0.99.4 | 44.00 | 287.00 | 331.00 | OK | |
| r-patched-linux-x86_64 | 0.99.4 | 44.69 | 343.04 | 387.73 | OK | |
| r-release-linux-x86_64 | 0.99.4 | 43.23 | 348.55 | 391.78 | OK | |
| r-release-macos-arm64 | 0.99.4 | 26.00 | 143.00 | 169.00 | OK | |
| r-release-macos-x86_64 | 0.99.4 | 44.00 | 262.00 | 306.00 | OK | |
| r-release-windows-x86_64 | 0.99.4 | 42.00 | 278.00 | 320.00 | OK | |
| r-oldrel-macos-arm64 | 0.99.4 | 18.00 | 112.00 | 130.00 | OK | |
| r-oldrel-macos-x86_64 | 0.99.4 | 26.00 | 179.00 | 205.00 | OK | |
| r-oldrel-windows-x86_64 | 0.99.4 | 61.00 | 390.00 | 451.00 | OK |
Version: 0.99.4
Check: CRAN incoming feasibility
Result: NOTE
Maintainer: ‘Adrien Taudiere <adrien.taudiere@tutanota.com>’
Package CITATION file contains call(s) to old-style citEntry(). Please
use bibentry() instead.
Flavors: r-devel-linux-x86_64-debian-clang, r-devel-linux-x86_64-debian-gcc