Last updated on 2025-02-22 11:51:21 CET.
Flavor | Version | Tinstall | Tcheck | Ttotal | Status | Flags |
---|---|---|---|---|---|---|
r-devel-linux-x86_64-debian-clang | 1.0 | 87.08 | 43.40 | 130.48 | NOTE | |
r-devel-linux-x86_64-debian-gcc | 1.0 | 67.58 | 33.12 | 100.70 | NOTE | |
r-devel-linux-x86_64-fedora-clang | 1.0 | 244.05 | NOTE | |||
r-devel-linux-x86_64-fedora-gcc | 1.0 | 248.72 | NOTE | |||
r-devel-macos-arm64 | 1.0 | 56.00 | NOTE | |||
r-devel-macos-x86_64 | 1.0 | 68.00 | NOTE | |||
r-devel-windows-x86_64 | 1.0 | 97.00 | 85.00 | 182.00 | NOTE | |
r-patched-linux-x86_64 | 1.0 | 95.11 | 41.02 | 136.13 | NOTE | |
r-release-linux-x86_64 | 1.0 | 97.40 | 41.11 | 138.51 | NOTE | |
r-release-macos-arm64 | 1.0 | 57.00 | NOTE | |||
r-release-macos-x86_64 | 1.0 | 59.00 | NOTE | |||
r-release-windows-x86_64 | 1.0 | 96.00 | 81.00 | 177.00 | NOTE | |
r-oldrel-macos-arm64 | 1.0 | 66.00 | NOTE | |||
r-oldrel-macos-x86_64 | 1.0 | 120.00 | NOTE | |||
r-oldrel-windows-x86_64 | 1.0 | 121.00 | 101.00 | 222.00 | OK |
Version: 1.0
Check: Rd files
Result: NOTE
checkRd: (-1) slpDGCM.Rd:130-133: Lost braces
130 | \code{x1, x2, x3, \dots}- {input to the model, there must be one column
| ^
Flavors: r-devel-linux-x86_64-debian-clang, r-devel-linux-x86_64-debian-gcc, r-devel-linux-x86_64-fedora-clang, r-devel-linux-x86_64-fedora-gcc, r-devel-macos-arm64, r-devel-macos-x86_64, r-devel-windows-x86_64, r-patched-linux-x86_64, r-release-linux-x86_64, r-release-macos-arm64, r-release-macos-x86_64, r-release-windows-x86_64
Version: 1.0
Check: installed package size
Result: NOTE
installed size is 5.4Mb
sub-directories of 1Mb or more:
libs 5.0Mb
Flavors: r-release-macos-arm64, r-release-macos-x86_64, r-oldrel-macos-arm64, r-oldrel-macos-x86_64