Last updated on 2025-02-22 17:49:40 CET.
Flavor | Version | Tinstall | Tcheck | Ttotal | Status | Flags |
---|---|---|---|---|---|---|
r-devel-linux-x86_64-debian-clang | 0.2.5 | 1.77 | 17.26 | 19.03 | OK | |
r-devel-linux-x86_64-debian-gcc | 0.2.5 | 1.35 | 14.32 | 15.67 | OK | |
r-devel-linux-x86_64-fedora-clang | 0.2.5 | 30.05 | OK | |||
r-devel-linux-x86_64-fedora-gcc | 0.2.5 | 30.73 | OK | |||
r-devel-macos-arm64 | 0.2.5 | 16.00 | OK | |||
r-devel-macos-x86_64 | 0.2.5 | 25.00 | OK | |||
r-devel-windows-x86_64 | 0.2.5 | 3.00 | 40.00 | 43.00 | OK | |
r-patched-linux-x86_64 | 0.2.5 | 1.74 | 16.65 | 18.39 | NOTE | |
r-release-linux-x86_64 | 0.2.5 | 1.31 | 16.55 | 17.86 | NOTE | |
r-release-macos-arm64 | 0.2.5 | 20.00 | NOTE | |||
r-release-macos-x86_64 | 0.2.5 | 27.00 | NOTE | |||
r-release-windows-x86_64 | 0.2.5 | 2.00 | 41.00 | 43.00 | NOTE | |
r-oldrel-macos-arm64 | 0.2.5 | 16.00 | NOTE | |||
r-oldrel-macos-x86_64 | 0.2.5 | 22.00 | NOTE | |||
r-oldrel-windows-x86_64 | 0.2.5 | 2.00 | 41.00 | 43.00 | NOTE |
Version: 0.2.5
Check: LazyData
Result: NOTE
'LazyData' is specified without a 'data' directory
Flavors: r-patched-linux-x86_64, r-release-linux-x86_64, r-release-macos-arm64, r-release-macos-x86_64, r-release-windows-x86_64, r-oldrel-macos-arm64, r-oldrel-macos-x86_64, r-oldrel-windows-x86_64