Last updated on 2025-11-02 23:49:32 CET.
| Flavor | Version | Tinstall | Tcheck | Ttotal | Status | Flags |
|---|---|---|---|---|---|---|
| r-devel-linux-x86_64-debian-clang | 0.2.4 | 29.62 | 148.68 | 178.30 | OK | |
| r-devel-linux-x86_64-debian-gcc | 0.2.4 | 26.36 | 88.90 | 115.26 | OK | |
| r-devel-linux-x86_64-fedora-clang | 0.2.4 | 69.00 | 217.61 | 286.61 | OK | |
| r-devel-linux-x86_64-fedora-gcc | 0.2.4 | 146.00 | 200.55 | 346.55 | OK | |
| r-devel-windows-x86_64 | 0.2.4 | 43.00 | 179.00 | 222.00 | OK | |
| r-patched-linux-x86_64 | 0.2.4 | 38.57 | 137.67 | 176.24 | OK | |
| r-release-linux-x86_64 | 0.2.4 | 36.09 | 134.21 | 170.30 | OK | |
| r-release-macos-arm64 | 0.2.4 | 15.00 | 80.00 | 95.00 | OK | |
| r-release-macos-x86_64 | 0.2.4 | 24.00 | 158.00 | 182.00 | OK | |
| r-release-windows-x86_64 | 0.2.4 | 42.00 | 180.00 | 222.00 | OK | |
| r-oldrel-macos-arm64 | 0.2.4 | 15.00 | 68.00 | 83.00 | NOTE | |
| r-oldrel-macos-x86_64 | 0.2.4 | 20.00 | 149.00 | 169.00 | NOTE | |
| r-oldrel-windows-x86_64 | 0.2.4 | 50.00 | 234.00 | 284.00 | OK |
Version: 0.2.4
Check: installed package size
Result: NOTE
installed size is 6.6Mb
sub-directories of 1Mb or more:
libs 6.4Mb
Flavors: r-oldrel-macos-arm64, r-oldrel-macos-x86_64