Last updated on 2025-02-22 05:51:31 CET.
Flavor | Version | Tinstall | Tcheck | Ttotal | Status | Flags |
---|---|---|---|---|---|---|
r-devel-linux-x86_64-debian-clang | 1.0.2 | 55.82 | 105.20 | 161.02 | NOTE | |
r-devel-linux-x86_64-debian-gcc | 1.0.2 | 38.63 | 71.50 | 110.13 | NOTE | |
r-devel-linux-x86_64-fedora-clang | 1.0.2 | 287.16 | NOTE | |||
r-devel-linux-x86_64-fedora-gcc | 1.0.2 | 282.24 | NOTE | |||
r-devel-macos-arm64 | 1.0.2 | 74.00 | OK | |||
r-devel-macos-x86_64 | 1.0.2 | 149.00 | NOTE | |||
r-devel-windows-x86_64 | 1.0.2 | 60.00 | 143.00 | 203.00 | NOTE | |
r-patched-linux-x86_64 | 1.0.2 | 57.24 | 100.40 | 157.64 | NOTE | |
r-release-linux-x86_64 | 1.0.2 | 53.12 | 98.28 | 151.40 | NOTE | |
r-release-macos-arm64 | 1.0.2 | 76.00 | NOTE | |||
r-release-macos-x86_64 | 1.0.2 | 107.00 | NOTE | |||
r-release-windows-x86_64 | 1.0.2 | 65.00 | 132.00 | 197.00 | NOTE | |
r-oldrel-macos-arm64 | 1.0.2 | 76.00 | NOTE | |||
r-oldrel-macos-x86_64 | 1.0.2 | 131.00 | NOTE | |||
r-oldrel-windows-x86_64 | 1.0.2 | 76.00 | 165.00 | 241.00 | NOTE |
Version: 1.0.2
Check: DESCRIPTION meta-information
Result: NOTE
Missing dependency on R >= 4.1.0 because package code uses the pipe
|> or function shorthand \(...) syntax added in R 4.1.0.
File(s) using such syntax:
‘cotOOP.R’ ‘utils.R’
Flavors: r-devel-linux-x86_64-debian-clang, r-devel-linux-x86_64-debian-gcc, r-devel-linux-x86_64-fedora-clang, r-devel-linux-x86_64-fedora-gcc, r-devel-macos-x86_64, r-devel-windows-x86_64
Version: 1.0.2
Check: package dependencies
Result: NOTE
Package suggested but not available for checking: ‘rkeops’
Flavors: r-patched-linux-x86_64, r-release-linux-x86_64, r-release-windows-x86_64, r-oldrel-windows-x86_64
Version: 1.0.2
Check: installed package size
Result: NOTE
installed size is 7.5Mb
sub-directories of 1Mb or more:
R 2.3Mb
libs 4.5Mb
Flavors: r-release-macos-arm64, r-release-macos-x86_64, r-oldrel-macos-arm64, r-oldrel-macos-x86_64