Last updated on 2025-11-03 11:49:38 CET.
| Flavor | Version | Tinstall | Tcheck | Ttotal | Status | Flags |
|---|---|---|---|---|---|---|
| r-devel-linux-x86_64-debian-clang | 1.0.3 | 3.34 | 39.59 | 42.93 | OK | |
| r-devel-linux-x86_64-debian-gcc | 1.0.3 | 2.74 | 31.39 | 34.13 | OK | |
| r-devel-linux-x86_64-fedora-clang | 1.0.3 | 65.22 | NOTE | |||
| r-devel-linux-x86_64-fedora-gcc | 1.0.3 | 12.00 | 54.76 | 66.76 | NOTE | |
| r-devel-windows-x86_64 | 1.0.3 | 5.00 | 54.00 | 59.00 | OK | |
| r-patched-linux-x86_64 | 1.0.3 | 3.21 | 38.06 | 41.27 | OK | |
| r-release-linux-x86_64 | 1.0.3 | 3.13 | 37.69 | 40.82 | OK | |
| r-release-macos-arm64 | 1.0.3 | 2.00 | 24.00 | 26.00 | OK | |
| r-release-macos-x86_64 | 1.0.3 | 4.00 | 37.00 | 41.00 | OK | |
| r-release-windows-x86_64 | 1.0.3 | 5.00 | 53.00 | 58.00 | OK | |
| r-oldrel-macos-arm64 | 1.0.3 | 2.00 | 27.00 | 29.00 | OK | |
| r-oldrel-macos-x86_64 | 1.0.3 | 3.00 | 52.00 | 55.00 | OK | |
| r-oldrel-windows-x86_64 | 1.0.3 | 5.00 | 66.00 | 71.00 | OK |
Version: 1.0.3
Check: dependencies in R code
Result: NOTE
Namespace in Imports field not imported from: ‘fields’
All declared Imports should be used.
Flavors: r-devel-linux-x86_64-fedora-clang, r-devel-linux-x86_64-fedora-gcc