Last updated on 2025-02-22 05:51:31 CET.
Flavor | Version | Tinstall | Tcheck | Ttotal | Status | Flags |
---|---|---|---|---|---|---|
r-devel-linux-x86_64-debian-clang | 1.0.6 | 15.16 | 122.74 | 137.90 | NOTE | |
r-devel-linux-x86_64-debian-gcc | 1.0.6 | 10.92 | 82.52 | 93.44 | NOTE | |
r-devel-linux-x86_64-fedora-clang | 1.0.6 | 230.66 | NOTE | |||
r-devel-linux-x86_64-fedora-gcc | 1.0.6 | 212.61 | NOTE | |||
r-devel-macos-arm64 | 1.0.6 | 61.00 | NOTE | |||
r-devel-macos-x86_64 | 1.0.6 | 107.00 | NOTE | |||
r-devel-windows-x86_64 | 1.0.6 | 17.00 | 125.00 | 142.00 | NOTE | |
r-patched-linux-x86_64 | 1.0.6 | 14.53 | 114.80 | 129.33 | NOTE | |
r-release-linux-x86_64 | 1.0.6 | 12.86 | 111.37 | 124.23 | NOTE | |
r-release-macos-arm64 | 1.0.6 | 61.00 | NOTE | |||
r-release-macos-x86_64 | 1.0.6 | 84.00 | NOTE | |||
r-release-windows-x86_64 | 1.0.6 | 16.00 | 117.00 | 133.00 | NOTE | |
r-oldrel-macos-arm64 | 1.0.6 | 26.00 | NOTE | |||
r-oldrel-macos-x86_64 | 1.0.6 | 36.00 | NOTE | |||
r-oldrel-windows-x86_64 | 1.0.6 | 21.00 | 149.00 | 170.00 | NOTE |
Version: 1.0.6
Check: package subdirectories
Result: NOTE
Problems with news in ‘NEWS.md’:
No news entries found.
Flavors: r-devel-linux-x86_64-debian-clang, r-devel-linux-x86_64-debian-gcc, r-devel-linux-x86_64-fedora-clang, r-devel-linux-x86_64-fedora-gcc, r-devel-macos-arm64, r-devel-macos-x86_64, r-devel-windows-x86_64, r-patched-linux-x86_64, r-release-linux-x86_64, r-release-macos-arm64, r-release-macos-x86_64, r-release-windows-x86_64, r-oldrel-macos-arm64, r-oldrel-macos-x86_64, r-oldrel-windows-x86_64