Last updated on 2025-05-23 18:50:24 CEST.
Flavor | Version | Tinstall | Tcheck | Ttotal | Status | Flags |
---|---|---|---|---|---|---|
r-devel-linux-x86_64-debian-clang | 0.2 | 2.00 | 28.55 | 30.55 | NOTE | |
r-devel-linux-x86_64-debian-gcc | 0.2 | 1.80 | 21.43 | 23.23 | NOTE | |
r-devel-linux-x86_64-fedora-clang | 0.2 | 48.50 | OK | |||
r-devel-linux-x86_64-fedora-gcc | 0.2 | 46.76 | OK | |||
r-devel-windows-x86_64 | 0.2 | 4.00 | 56.00 | 60.00 | OK | |
r-patched-linux-x86_64 | 0.2 | 2.51 | 27.42 | 29.93 | OK | |
r-release-linux-x86_64 | 0.2 | 2.30 | 27.06 | 29.36 | OK | |
r-release-macos-arm64 | 0.2 | 21.00 | OK | |||
r-release-macos-x86_64 | 0.2 | 43.00 | OK | |||
r-release-windows-x86_64 | 0.2 | 3.00 | 99.00 | 102.00 | OK | |
r-oldrel-macos-arm64 | 0.2 | 19.00 | OK | |||
r-oldrel-macos-x86_64 | 0.2 | 28.00 | OK | |||
r-oldrel-windows-x86_64 | 0.2 | 4.00 | 59.00 | 63.00 | OK |
Version: 0.2
Check: CRAN incoming feasibility
Result: NOTE
Maintainer: ‘Andre Fujita <andrefujita@usp.br>’
The Description field contains
structures (Relvas C. & Fujita A., (2020) <arXiv:2004.02333>).
Please refer to arXiv e-prints via their arXiv DOI <doi:10.48550/arXiv.YYMM.NNNNN>.
Flavors: r-devel-linux-x86_64-debian-clang, r-devel-linux-x86_64-debian-gcc