Last updated on 2025-05-28 06:51:22 CEST.
Flavor | Version | Tinstall | Tcheck | Ttotal | Status | Flags |
---|---|---|---|---|---|---|
r-devel-linux-x86_64-debian-clang | 1.0.0 | 7.52 | 61.06 | 68.58 | OK | |
r-devel-linux-x86_64-debian-gcc | 1.0.0 | 4.94 | 43.85 | 48.79 | OK | |
r-devel-linux-x86_64-fedora-clang | 1.0.0 | 106.36 | NOTE | |||
r-devel-linux-x86_64-fedora-gcc | 1.0.0 | 117.96 | NOTE | |||
r-devel-windows-x86_64 | 1.0.0 | 8.00 | 75.00 | 83.00 | OK | |
r-patched-linux-x86_64 | 1.0.0 | 5.62 | 58.55 | 64.17 | OK | |
r-release-linux-x86_64 | 1.0.0 | 6.04 | 58.52 | 64.56 | OK | |
r-release-macos-arm64 | 1.0.0 | 50.00 | OK | |||
r-release-macos-x86_64 | 1.0.0 | 103.00 | OK | |||
r-release-windows-x86_64 | 1.0.0 | 8.00 | 77.00 | 85.00 | OK | |
r-oldrel-macos-arm64 | 1.0.0 | 37.00 | OK | |||
r-oldrel-macos-x86_64 | 1.0.0 | 96.00 | OK | |||
r-oldrel-windows-x86_64 | 1.0.0 | 11.00 | 91.00 | 102.00 | OK |
Version: 1.0.0
Check: dependencies in R code
Result: NOTE
Namespace in Imports field not imported from: ‘MASS’
All declared Imports should be used.
Flavors: r-devel-linux-x86_64-fedora-clang, r-devel-linux-x86_64-fedora-gcc