Last updated on 2024-06-29 12:48:12 CEST.
Flavor | Version | Tinstall | Tcheck | Ttotal | Status | Flags |
---|---|---|---|---|---|---|
r-devel-linux-x86_64-debian-clang | 1.5 | 4.70 | 35.89 | 40.59 | NOTE | |
r-devel-linux-x86_64-debian-gcc | 1.5 | 3.25 | 28.43 | 31.68 | NOTE | |
r-devel-linux-x86_64-fedora-clang | 1.5 | 53.61 | NOTE | |||
r-devel-linux-x86_64-fedora-gcc | 1.5 | 64.64 | NOTE | |||
r-devel-windows-x86_64 | 1.5 | 6.00 | 47.00 | 53.00 | NOTE | |
r-patched-linux-x86_64 | 1.5 | 4.16 | 34.65 | 38.81 | NOTE | |
r-release-linux-x86_64 | 1.5 | 3.72 | 35.25 | 38.97 | NOTE | |
r-release-macos-arm64 | 1.5 | 26.00 | NOTE | |||
r-release-macos-x86_64 | 1.5 | 43.00 | NOTE | |||
r-release-windows-x86_64 | 1.5 | 8.00 | 47.00 | 55.00 | NOTE | |
r-oldrel-macos-arm64 | 1.5 | 40.00 | OK | |||
r-oldrel-macos-x86_64 | 1.5 | 76.00 | OK | |||
r-oldrel-windows-x86_64 | 1.5 | 7.00 | 50.00 | 57.00 | OK |
Version: 1.5
Check: Rd files
Result: NOTE
checkRd: (-1) cequre.Rd:31: Lost braces; missing escapes or markup?
31 | {epsi}^{# regression coefficients} times the initial value,
| ^
checkRd: (-1) cequre.Rd:31: Lost braces; missing escapes or markup?
31 | {epsi}^{# regression coefficients} times the initial value,
| ^
Flavors: r-devel-linux-x86_64-debian-clang, r-devel-linux-x86_64-debian-gcc, r-devel-linux-x86_64-fedora-clang, r-devel-linux-x86_64-fedora-gcc, r-devel-windows-x86_64, r-patched-linux-x86_64, r-release-linux-x86_64, r-release-macos-arm64, r-release-macos-x86_64, r-release-windows-x86_64