Last updated on 2025-02-22 05:51:31 CET.
Flavor | Version | Tinstall | Tcheck | Ttotal | Status | Flags |
---|---|---|---|---|---|---|
r-devel-linux-x86_64-debian-clang | 1.2.1 | 11.06 | 22.08 | 33.14 | NOTE | |
r-devel-linux-x86_64-debian-gcc | 1.2.1 | 8.27 | 17.65 | 25.92 | NOTE | |
r-devel-linux-x86_64-fedora-clang | 1.2.1 | 57.50 | NOTE | |||
r-devel-linux-x86_64-fedora-gcc | 1.2.1 | 54.39 | NOTE | |||
r-devel-macos-arm64 | 1.2.1 | 20.00 | NOTE | |||
r-devel-macos-x86_64 | 1.2.1 | 33.00 | NOTE | |||
r-devel-windows-x86_64 | 1.2.1 | 12.00 | 63.00 | 75.00 | NOTE | |
r-patched-linux-x86_64 | 1.2.1 | 10.49 | 21.12 | 31.61 | NOTE | |
r-release-linux-x86_64 | 1.2.1 | 10.59 | 21.14 | 31.73 | NOTE | |
r-release-macos-arm64 | 1.2.1 | 27.00 | NOTE | |||
r-release-macos-x86_64 | 1.2.1 | 35.00 | NOTE | |||
r-release-windows-x86_64 | 1.2.1 | 13.00 | 65.00 | 78.00 | NOTE | |
r-oldrel-macos-arm64 | 1.2.1 | 23.00 | NOTE | |||
r-oldrel-macos-x86_64 | 1.2.1 | 32.00 | NOTE | |||
r-oldrel-windows-x86_64 | 1.2.1 | 15.00 | 72.00 | 87.00 | NOTE |
Version: 1.2.1
Check: DESCRIPTION meta-information
Result: NOTE
Malformed Title field: should not end in a period.
Flavors: r-devel-linux-x86_64-debian-clang, r-devel-linux-x86_64-debian-gcc, r-devel-linux-x86_64-fedora-clang, r-devel-linux-x86_64-fedora-gcc, r-devel-macos-arm64, r-devel-macos-x86_64, r-devel-windows-x86_64, r-patched-linux-x86_64, r-release-linux-x86_64, r-release-macos-arm64, r-release-macos-x86_64, r-release-windows-x86_64, r-oldrel-macos-arm64, r-oldrel-macos-x86_64, r-oldrel-windows-x86_64
Version: 1.2.1
Check: compiled code
Result: NOTE
File ‘cgAUC/libs/cgAUC.so’:
Found no calls to: ‘R_registerRoutines’, ‘R_useDynamicSymbols’
It is good practice to register native routines and to disable symbol
search.
See ‘Writing portable packages’ in the ‘Writing R Extensions’ manual.
Flavors: r-devel-linux-x86_64-fedora-clang, r-devel-linux-x86_64-fedora-gcc