Last updated on 2024-06-29 12:48:12 CEST.
Flavor | Version | Tinstall | Tcheck | Ttotal | Status | Flags |
---|---|---|---|---|---|---|
r-devel-linux-x86_64-debian-clang | 0.2.3 | 4.26 | 39.52 | 43.78 | NOTE | |
r-devel-linux-x86_64-debian-gcc | 0.2.3 | 3.65 | 29.82 | 33.47 | NOTE | |
r-devel-linux-x86_64-fedora-clang | 0.2.3 | 53.74 | NOTE | |||
r-devel-linux-x86_64-fedora-gcc | 0.2.3 | 52.99 | NOTE | |||
r-devel-windows-x86_64 | 0.2.3 | 7.00 | 52.00 | 59.00 | NOTE | |
r-patched-linux-x86_64 | 0.2.3 | 4.88 | 36.66 | 41.54 | NOTE | |
r-release-linux-x86_64 | 0.2.3 | 3.86 | 37.19 | 41.05 | NOTE | |
r-release-macos-arm64 | 0.2.3 | 20.00 | NOTE | |||
r-release-macos-x86_64 | 0.2.3 | 29.00 | NOTE | |||
r-release-windows-x86_64 | 0.2.3 | 5.00 | 52.00 | 57.00 | NOTE | |
r-oldrel-macos-arm64 | 0.2.3 | 21.00 | OK | |||
r-oldrel-macos-x86_64 | 0.2.3 | 43.00 | OK | |||
r-oldrel-windows-x86_64 | 0.2.3 | 7.00 | 63.00 | 70.00 | OK |
Version: 0.2.3
Check: Rd files
Result: NOTE
checkRd: (-1) create_unit_tests.Rd:17: Lost braces; missing escapes or markup?
17 | Create `{testthat}` test cases for the code.
| ^
Flavors: r-devel-linux-x86_64-debian-clang, r-devel-linux-x86_64-debian-gcc, r-devel-linux-x86_64-fedora-clang, r-devel-linux-x86_64-fedora-gcc, r-devel-windows-x86_64, r-patched-linux-x86_64, r-release-linux-x86_64, r-release-macos-arm64, r-release-macos-x86_64, r-release-windows-x86_64