Last updated on 2025-11-24 05:50:19 CET.
| Flavor | Version | Tinstall | Tcheck | Ttotal | Status | Flags |
|---|---|---|---|---|---|---|
| r-devel-linux-x86_64-debian-clang | 1.0.0 | 2.32 | 114.69 | 117.01 | NOTE | |
| r-devel-linux-x86_64-debian-gcc | 1.0.0 | 1.57 | 83.25 | 84.82 | NOTE | |
| r-devel-linux-x86_64-fedora-clang | 1.0.0 | 164.06 | NOTE | |||
| r-devel-windows-x86_64 | 1.0.0 | 7.00 | 104.00 | 111.00 | NOTE | |
| r-patched-linux-x86_64 | 1.0.0 | 1.93 | 110.10 | 112.03 | NOTE | |
| r-release-linux-x86_64 | 1.0.0 | 2.17 | 109.69 | 111.86 | NOTE | |
| r-release-macos-arm64 | 1.0.0 | NOTE | ||||
| r-release-macos-x86_64 | 1.0.0 | 2.00 | 94.00 | 96.00 | NOTE | |
| r-release-windows-x86_64 | 1.0.0 | 6.00 | 103.00 | 109.00 | NOTE | |
| r-oldrel-macos-arm64 | 1.0.0 | OK | ||||
| r-oldrel-macos-x86_64 | 1.0.0 | 2.00 | 144.00 | 146.00 | OK | |
| r-oldrel-windows-x86_64 | 1.0.0 | 9.00 | 134.00 | 143.00 | OK |
Version: 1.0.0
Check: DESCRIPTION meta-information
Result: NOTE
Missing dependency on R >= 4.1.0 because package code uses the pipe
|> or function shorthand \(...) syntax added in R 4.1.0.
File(s) using such syntax:
‘as_raster.Rd’ ‘clc.R’ ‘clc_category.R’ ‘clc_raster.R’ ‘copy_to.Rd’
‘cut_to_extent.Rd’ ‘get_colors.Rd’ ‘get_levels.Rd’ ‘get_raster.Rd’
‘plot_clc.Rd’ ‘prepare_plot.Rd’ ‘save_to.Rd’
Flavors: r-devel-linux-x86_64-debian-clang, r-devel-linux-x86_64-debian-gcc, r-devel-linux-x86_64-fedora-clang, r-devel-windows-x86_64, r-patched-linux-x86_64, r-release-linux-x86_64, r-release-macos-arm64, r-release-macos-x86_64, r-release-windows-x86_64