CRAN Package Check Results for Package cli

Last updated on 2025-11-02 17:49:34 CET.

Flavor Version Tinstall Tcheck Ttotal Status Flags
r-devel-linux-x86_64-debian-clang 3.6.5 21.05 152.60 173.65 OK
r-devel-linux-x86_64-debian-gcc 3.6.5 13.49 100.99 114.48 OK
r-devel-linux-x86_64-fedora-clang 3.6.5 43.00 217.55 260.55 OK
r-devel-linux-x86_64-fedora-gcc 3.6.5 44.00 204.53 248.53 OK
r-devel-windows-x86_64 3.6.5 54.00 170.00 224.00 OK
r-patched-linux-x86_64 3.6.5 24.19 141.67 165.86 OK
r-release-linux-x86_64 3.6.5 16.09 141.31 157.40 OK
r-release-macos-arm64 3.6.5 10.00 81.00 91.00 OK
r-release-macos-x86_64 3.6.5 22.00 152.00 174.00 OK
r-release-windows-x86_64 3.6.5 1.00 5.00 6.00 ERROR
r-oldrel-macos-arm64 3.6.5 10.00 79.00 89.00 OK
r-oldrel-macos-x86_64 3.6.5 20.00 144.00 164.00 OK
r-oldrel-windows-x86_64 3.6.5 66.00 212.00 278.00 OK

Check Details

Version: 3.6.5
Check: whether package can be installed
Result: ERROR Installation failed. Flavor: r-release-windows-x86_64

mirror server hosted at Truenetwork, Russian Federation.