Last updated on 2025-05-28 06:51:22 CEST.
Flavor | Version | Tinstall | Tcheck | Ttotal | Status | Flags |
---|---|---|---|---|---|---|
r-devel-linux-x86_64-debian-clang | 4.1.0 | 8.90 | 83.04 | 91.94 | NOTE | |
r-devel-linux-x86_64-debian-gcc | 4.1.0 | 5.29 | 54.20 | 59.49 | NOTE | |
r-devel-linux-x86_64-fedora-clang | 4.1.0 | 143.29 | OK | |||
r-devel-linux-x86_64-fedora-gcc | 4.1.0 | 143.21 | OK | |||
r-devel-windows-x86_64 | 4.1.0 | 10.00 | 105.00 | 115.00 | OK | |
r-patched-linux-x86_64 | 4.1.0 | 8.60 | 77.07 | 85.67 | OK | |
r-release-linux-x86_64 | 4.1.0 | 7.46 | 77.67 | 85.13 | OK | |
r-release-macos-arm64 | 4.1.0 | 48.00 | OK | |||
r-release-macos-x86_64 | 4.1.0 | 78.00 | OK | |||
r-release-windows-x86_64 | 4.1.0 | 8.00 | 108.00 | 116.00 | OK | |
r-oldrel-macos-arm64 | 4.1.0 | 45.00 | OK | |||
r-oldrel-macos-x86_64 | 4.1.0 | 64.00 | OK | |||
r-oldrel-windows-x86_64 | 4.1.0 | 10.00 | 130.00 | 140.00 | OK |
Version: 4.1.0
Check: CRAN incoming feasibility
Result: NOTE
Maintainer: ‘Jose A. Guijarro <jaguijarro21@gmail.com>’
No Authors@R field in DESCRIPTION.
Please add one, modifying
Authors@R: person(given = c("Jose", "A."),
family = "Guijarro",
role = c("aut", "cre"),
email = "jaguijarro21@gmail.com")
as necessary.
Flavors: r-devel-linux-x86_64-debian-clang, r-devel-linux-x86_64-debian-gcc