Last updated on 2024-06-15 18:57:44 CEST.
Flavor | Version | Tinstall | Tcheck | Ttotal | Status | Flags |
---|---|---|---|---|---|---|
r-devel-linux-x86_64-debian-clang | 0.3-65 | 10.94 | 87.31 | 98.25 | OK | |
r-devel-linux-x86_64-debian-gcc | 0.3-65 | 7.86 | 66.12 | 73.98 | OK | |
r-devel-linux-x86_64-fedora-clang | 0.3-65 | 127.37 | NOTE | |||
r-devel-linux-x86_64-fedora-gcc | 0.3-65 | 134.85 | OK | |||
r-devel-windows-x86_64 | 0.3-65 | 13.00 | 112.00 | 125.00 | OK | |
r-patched-linux-x86_64 | 0.3-65 | 11.66 | 85.94 | 97.60 | OK | |
r-release-linux-x86_64 | 0.3-65 | 9.69 | 88.00 | 97.69 | OK | |
r-release-macos-arm64 | 0.3-65 | 39.00 | OK | |||
r-release-macos-x86_64 | 0.3-65 | 68.00 | OK | |||
r-release-windows-x86_64 | 0.3-65 | 13.00 | 111.00 | 124.00 | OK | |
r-oldrel-macos-arm64 | 0.3-65 | 63.00 | OK | |||
r-oldrel-macos-x86_64 | 0.3-65 | 154.00 | OK | |||
r-oldrel-windows-x86_64 | 0.3-65 | 17.00 | 117.00 | 134.00 | OK |
Version: 0.3-65
Check: Rd cross-references
Result: NOTE
Undeclared packages ‘mlbench’, ‘fpc’ in Rd xrefs
Flavor: r-devel-linux-x86_64-fedora-clang