Last updated on 2024-06-29 12:48:12 CEST.
Flavor | Version | Tinstall | Tcheck | Ttotal | Status | Flags |
---|---|---|---|---|---|---|
r-devel-linux-x86_64-debian-clang | 0.1 | 1.40 | 60.49 | 61.89 | NOTE | |
r-devel-linux-x86_64-debian-gcc | 0.1 | 1.64 | 42.44 | 44.08 | NOTE | |
r-devel-linux-x86_64-fedora-clang | 0.1 | 76.46 | NOTE | |||
r-devel-linux-x86_64-fedora-gcc | 0.1 | 92.17 | NOTE | |||
r-devel-windows-x86_64 | 0.1 | 3.00 | 59.00 | 62.00 | OK | |
r-patched-linux-x86_64 | 0.1 | 2.30 | 57.74 | 60.04 | NOTE | |
r-release-linux-x86_64 | 0.1 | 2.25 | 58.43 | 60.68 | NOTE | |
r-release-macos-arm64 | 0.1 | 25.00 | OK | |||
r-release-macos-x86_64 | 0.1 | 42.00 | OK | |||
r-release-windows-x86_64 | 0.1 | 3.00 | 59.00 | 62.00 | OK | |
r-oldrel-macos-arm64 | 0.1 | 27.00 | OK | |||
r-oldrel-macos-x86_64 | 0.1 | 42.00 | OK | |||
r-oldrel-windows-x86_64 | 0.1 | 3.00 | 66.00 | 69.00 | OK |
Version: 0.1
Check: for non-standard things in the check directory
Result: NOTE
Found the following files/directories:
‘clusterhap_reports’
Flavors: r-devel-linux-x86_64-debian-clang, r-devel-linux-x86_64-debian-gcc, r-devel-linux-x86_64-fedora-clang, r-devel-linux-x86_64-fedora-gcc, r-patched-linux-x86_64, r-release-linux-x86_64