Last updated on 2025-11-04 05:51:07 CET.
| Flavor | Version | Tinstall | Tcheck | Ttotal | Status | Flags | 
|---|---|---|---|---|---|---|
| r-devel-linux-x86_64-debian-clang | 0.9.2 | 6.43 | 61.72 | 68.15 | NOTE | |
| r-devel-linux-x86_64-debian-gcc | 0.9.2 | 6.29 | 48.55 | 54.84 | NOTE | |
| r-devel-linux-x86_64-fedora-clang | 0.9.2 | 15.00 | 89.48 | 104.48 | NOTE | |
| r-devel-linux-x86_64-fedora-gcc | 0.9.2 | 40.00 | 65.27 | 105.27 | NOTE | |
| r-devel-windows-x86_64 | 0.9.2 | 11.00 | 70.00 | 81.00 | NOTE | |
| r-patched-linux-x86_64 | 0.9.2 | 6.86 | 59.05 | 65.91 | NOTE | |
| r-release-linux-x86_64 | 0.9.2 | 7.46 | 59.03 | 66.49 | NOTE | |
| r-release-macos-arm64 | 0.9.2 | 6.00 | 48.00 | 54.00 | NOTE | |
| r-release-macos-x86_64 | 0.9.2 | 16.00 | 72.00 | 88.00 | NOTE | |
| r-release-windows-x86_64 | 0.9.2 | 10.00 | 73.00 | 83.00 | NOTE | |
| r-oldrel-macos-arm64 | 0.9.2 | 4.00 | 29.00 | 33.00 | NOTE | |
| r-oldrel-macos-x86_64 | 0.9.2 | 7.00 | 42.00 | 49.00 | NOTE | |
| r-oldrel-windows-x86_64 | 0.9.2 | 13.00 | 87.00 | 100.00 | NOTE | 
Version: 0.9.2
Check: CRAN incoming feasibility
Result: NOTE
  Maintainer: ‘Stephan Dlugosz <stephan.dlugosz@googlemail.com>’
  
  No Authors@R field in DESCRIPTION.
  Please add one, modifying
    Authors@R: c(person(given = "Stephan",
                        family = "Dlugosz",
                        role = c("aut", "cre"),
                        email = "stephan.dlugosz@googlemail.com"),
                 person(given = "Limin",
                        family = "Peng",
                        role = "aut"),
                 person(given = "Ruosha",
                        family = "Li",
                        role = "aut"),
                 person(given = "Shuolin",
                        family = "Shi",
                        role = "ctb"))
  as necessary.
Flavors: r-devel-linux-x86_64-debian-clang, r-devel-linux-x86_64-debian-gcc
Version: 0.9.2
Check: Rd files
Result: NOTE
  checkRd: (-1) plot.predict.crrQR.Rd:18: Escaped LaTeX specials: \#
  checkRd: (-1) plot.predict.crrQR.Rd:22: Escaped LaTeX specials: \#
Flavors: r-devel-linux-x86_64-debian-clang, r-devel-linux-x86_64-debian-gcc, r-devel-linux-x86_64-fedora-clang, r-devel-linux-x86_64-fedora-gcc, r-devel-windows-x86_64, r-patched-linux-x86_64, r-release-linux-x86_64, r-release-macos-arm64, r-release-macos-x86_64, r-release-windows-x86_64, r-oldrel-macos-arm64, r-oldrel-macos-x86_64, r-oldrel-windows-x86_64