CRAN Package Check Results for Package colormap

Last updated on 2025-11-03 17:49:45 CET.

Flavor Version Tinstall Tcheck Ttotal Status Flags
r-devel-linux-x86_64-debian-clang 0.1.4 2.34 30.29 32.63 OK
r-devel-linux-x86_64-debian-gcc 0.1.4 2.05 25.16 27.21 OK
r-devel-linux-x86_64-fedora-clang 0.1.4 48.16 OK
r-devel-linux-x86_64-fedora-gcc 0.1.4 47.93 OK
r-devel-windows-x86_64 0.1.4 4.00 48.00 52.00 OK
r-patched-linux-x86_64 0.1.4 2.42 29.06 31.48 OK
r-release-linux-x86_64 0.1.4 2.37 28.70 31.07 OK
r-release-macos-arm64 0.1.4 2.00 21.00 23.00 OK
r-release-macos-x86_64 0.1.4 2.00 30.00 32.00 OK
r-release-windows-x86_64 0.1.4 3.00 47.00 50.00 OK
r-oldrel-macos-arm64 0.1.4 1.00 19.00 20.00 NOTE
r-oldrel-macos-x86_64 0.1.4 2.00 26.00 28.00 NOTE
r-oldrel-windows-x86_64 0.1.4 4.00 54.00 58.00 NOTE

Check Details

Version: 0.1.4
Check: LazyData
Result: NOTE 'LazyData' is specified without a 'data' directory Flavors: r-oldrel-macos-arm64, r-oldrel-macos-x86_64, r-oldrel-windows-x86_64

mirror server hosted at Truenetwork, Russian Federation.