CRAN Package Check Results for Package cometExactTest

Last updated on 2025-11-03 11:49:38 CET.

Flavor Version Tinstall Tcheck Ttotal Status Flags
r-devel-linux-x86_64-debian-clang 0.1.5 4.70 34.54 39.24 NOTE
r-devel-linux-x86_64-debian-gcc 0.1.5 3.36 25.69 29.05 NOTE
r-devel-linux-x86_64-fedora-clang 0.1.5 11.00 46.92 57.92 NOTE
r-devel-linux-x86_64-fedora-gcc 0.1.5 54.12 NOTE
r-devel-windows-x86_64 0.1.5 9.00 49.00 58.00 OK
r-patched-linux-x86_64 0.1.5 4.57 31.81 36.38 NOTE
r-release-linux-x86_64 0.1.5 3.31 32.18 35.49 NOTE
r-release-macos-arm64 0.1.5 4.00 22.00 26.00 OK
r-release-macos-x86_64 0.1.5 7.00 36.00 43.00 OK
r-release-windows-x86_64 0.1.5 9.00 50.00 59.00 OK
r-oldrel-macos-arm64 0.1.5 4.00 18.00 22.00 OK
r-oldrel-macos-x86_64 0.1.5 5.00 29.00 34.00 OK
r-oldrel-windows-x86_64 0.1.5 11.00 60.00 71.00 OK

Check Details

Version: 0.1.5
Check: Rd files
Result: NOTE checkRd: (-1) comet.Rd:20: height/width attributes should be in pixels Flavors: r-devel-linux-x86_64-debian-clang, r-devel-linux-x86_64-debian-gcc, r-devel-linux-x86_64-fedora-clang, r-devel-linux-x86_64-fedora-gcc

Version: 0.1.5
Check: for non-standard things in the check directory
Result: NOTE Found the following files/directories: ‘cometExactTest_plot.pdf’ Flavors: r-devel-linux-x86_64-debian-clang, r-devel-linux-x86_64-debian-gcc, r-devel-linux-x86_64-fedora-clang, r-devel-linux-x86_64-fedora-gcc, r-patched-linux-x86_64, r-release-linux-x86_64

mirror server hosted at Truenetwork, Russian Federation.