CRAN Package Check Results for Package compare

Last updated on 2025-11-03 05:50:37 CET.

Flavor Version Tinstall Tcheck Ttotal Status Flags
r-devel-linux-x86_64-debian-clang 0.2-6 2.90 38.38 41.28 NOTE
r-devel-linux-x86_64-debian-gcc 0.2-6 2.28 29.79 32.07 NOTE
r-devel-linux-x86_64-fedora-clang 0.2-6 59.95 OK
r-devel-linux-x86_64-fedora-gcc 0.2-6 70.92 OK
r-devel-windows-x86_64 0.2-6 4.00 76.00 80.00 OK
r-patched-linux-x86_64 0.2-6 3.40 36.77 40.17 OK
r-release-linux-x86_64 0.2-6 2.30 36.67 38.97 OK
r-release-macos-arm64 0.2-6 2.00 31.00 33.00 OK
r-release-macos-x86_64 0.2-6 3.00 55.00 58.00 OK
r-release-windows-x86_64 0.2-6 5.00 73.00 78.00 OK
r-oldrel-macos-arm64 0.2-6 2.00 36.00 38.00 OK
r-oldrel-macos-x86_64 0.2-6 2.00 45.00 47.00 OK
r-oldrel-windows-x86_64 0.2-6 5.00 78.00 83.00 OK

Check Details

Version: 0.2-6
Check: CRAN incoming feasibility
Result: NOTE Maintainer: ‘Paul Murrell <p.murrell@auckland.ac.nz>’ No Authors@R field in DESCRIPTION. Please add one, modifying Authors@R: person(given = "Paul", family = "Murrell", role = c("aut", "cre"), email = "p.murrell@auckland.ac.nz") as necessary. Flavors: r-devel-linux-x86_64-debian-clang, r-devel-linux-x86_64-debian-gcc

mirror server hosted at Truenetwork, Russian Federation.