CRAN Package Check Results for Package con2lki

Last updated on 2025-02-22 11:51:22 CET.

Flavor Version Tinstall Tcheck Ttotal Status Flags
r-devel-linux-x86_64-debian-clang 0.1.0 1.56 17.62 19.18 OK
r-devel-linux-x86_64-debian-gcc 0.1.0 1.34 14.40 15.74 OK
r-devel-linux-x86_64-fedora-clang 0.1.0 30.74 OK
r-devel-linux-x86_64-fedora-gcc 0.1.0 29.92 OK
r-devel-macos-arm64 0.1.0 14.00 OK
r-devel-macos-x86_64 0.1.0 26.00 OK
r-devel-windows-x86_64 0.1.0 2.00 40.00 42.00 OK
r-patched-linux-x86_64 0.1.0 1.29 16.85 18.14 NOTE
r-release-linux-x86_64 0.1.0 1.51 16.87 18.38 NOTE
r-release-macos-arm64 0.1.0 19.00 NOTE
r-release-macos-x86_64 0.1.0 24.00 NOTE
r-release-windows-x86_64 0.1.0 4.00 41.00 45.00 NOTE
r-oldrel-macos-arm64 0.1.0 16.00 NOTE
r-oldrel-macos-x86_64 0.1.0 19.00 NOTE
r-oldrel-windows-x86_64 0.1.0 3.00 40.00 43.00 NOTE

Check Details

Version: 0.1.0
Check: LazyData
Result: NOTE 'LazyData' is specified without a 'data' directory Flavors: r-patched-linux-x86_64, r-release-linux-x86_64, r-release-macos-arm64, r-release-macos-x86_64, r-release-windows-x86_64, r-oldrel-macos-arm64, r-oldrel-macos-x86_64, r-oldrel-windows-x86_64

mirror server hosted at Truenetwork, Russian Federation.