CRAN Package Check Results for Package confidence

Last updated on 2025-07-12 06:48:20 CEST.

Flavor Version Tinstall Tcheck Ttotal Status Flags
r-devel-linux-x86_64-debian-clang 1.1-3 7.35 74.08 81.43 OK
r-devel-linux-x86_64-debian-gcc 1.1-3 6.23 62.19 68.42 OK
r-devel-linux-x86_64-fedora-clang 1.1-3 126.84 OK
r-devel-linux-x86_64-fedora-gcc 1.1-3 130.94 OK
r-devel-windows-x86_64 1.1-2 8.00 93.00 101.00 NOTE
r-patched-linux-x86_64 1.1-3 7.45 64.17 71.62 OK
r-release-linux-x86_64 1.1-2 7.05 63.80 70.85 NOTE
r-release-macos-arm64 1.1-2 77.00 NOTE
r-release-macos-x86_64 1.1-3 88.00 OK
r-release-windows-x86_64 1.1-3 8.00 92.00 100.00 OK
r-oldrel-macos-arm64 1.1-2 52.00 NOTE
r-oldrel-macos-x86_64 1.1-3 89.00 OK
r-oldrel-windows-x86_64 1.1-3 9.00 103.00 112.00 OK

Check Details

Version: 1.1-2
Check: Rd files
Result: NOTE checkRd: (-1) mya.Rd:18: Lost braces in \itemize; \value handles \item{}{} directly checkRd: (-1) mya.Rd:19: Lost braces in \itemize; \value handles \item{}{} directly checkRd: (-1) mya.Rd:20: Lost braces in \itemize; \value handles \item{}{} directly checkRd: (-1) mya.Rd:21: Lost braces in \itemize; \value handles \item{}{} directly checkRd: (-1) mya.Rd:22: Lost braces in \itemize; \value handles \item{}{} directly Flavors: r-devel-windows-x86_64, r-release-linux-x86_64, r-release-macos-arm64, r-oldrel-macos-arm64

mirror server hosted at Truenetwork, Russian Federation.