CRAN Package Check Results for Package corset

Last updated on 2025-11-24 11:50:03 CET.

Flavor Version Tinstall Tcheck Ttotal Status Flags
r-devel-linux-x86_64-debian-clang 0.1-5 1.80 28.00 29.80 NOTE
r-devel-linux-x86_64-debian-gcc 0.1-5 1.60 22.07 23.67 NOTE
r-devel-linux-x86_64-fedora-clang 0.1-5 43.04 OK
r-devel-windows-x86_64 0.1-5 5.00 47.00 52.00 OK
r-patched-linux-x86_64 0.1-5 1.79 26.97 28.76 OK
r-release-linux-x86_64 0.1-5 1.68 26.63 28.31 OK
r-release-macos-arm64 0.1-5 OK
r-release-macos-x86_64 0.1-5 2.00 65.00 67.00 OK
r-release-windows-x86_64 0.1-5 2.00 44.00 46.00 OK
r-oldrel-macos-arm64 0.1-5 OK
r-oldrel-macos-x86_64 0.1-5 2.00 39.00 41.00 OK
r-oldrel-windows-x86_64 0.1-5 4.00 51.00 55.00 OK

Check Details

Version: 0.1-5
Check: CRAN incoming feasibility
Result: NOTE Maintainer: ‘Fran Urbano <viraltux@gmail.com>’ No Authors@R field in DESCRIPTION. Please add one, modifying Authors@R: person(given = "Fran", family = "Urbano", role = c("aut", "cre"), email = "viraltux@gmail.com") as necessary. Flavors: r-devel-linux-x86_64-debian-clang, r-devel-linux-x86_64-debian-gcc

mirror server hosted at Truenetwork, Russian Federation.