CRAN Package Check Results for Package covsep

Last updated on 2025-07-13 00:48:23 CEST.

Flavor Version Tinstall Tcheck Ttotal Status Flags
r-devel-linux-x86_64-debian-clang 1.1.0 1.96 27.14 29.10 NOTE
r-devel-linux-x86_64-debian-gcc 1.1.0 1.72 20.79 22.51 NOTE
r-devel-linux-x86_64-fedora-clang 1.1.0 43.59 OK
r-devel-linux-x86_64-fedora-gcc 1.1.0 40.99 OK
r-devel-windows-x86_64 1.1.0 3.00 51.00 54.00 OK
r-patched-linux-x86_64 1.1.0 2.52 25.45 27.97 OK
r-release-linux-x86_64 1.1.0 2.22 25.42 27.64 OK
r-release-macos-arm64 1.1.0 18.00 OK
r-release-macos-x86_64 1.1.0 30.00 OK
r-release-windows-x86_64 1.1.0 4.00 53.00 57.00 OK
r-oldrel-macos-arm64 1.1.0 17.00 OK
r-oldrel-macos-x86_64 1.1.0 26.00 OK
r-oldrel-windows-x86_64 1.1.0 4.00 58.00 62.00 OK

Check Details

Version: 1.1.0
Check: CRAN incoming feasibility
Result: NOTE Maintainer: ‘Shahin Tavakoli <s.tavakoli@warwick.ac.uk>’ The Description field contains <https://projecteuclid.org/euclid.aos/1498636862> <arXiv:1505.02023>. Please refer to arXiv e-prints via their arXiv DOI <doi:10.48550/arXiv.YYMM.NNNNN>. Flavors: r-devel-linux-x86_64-debian-clang, r-devel-linux-x86_64-debian-gcc

mirror server hosted at Truenetwork, Russian Federation.