CRAN Package Check Results for Package cowplot

Last updated on 2025-07-09 12:49:34 CEST.

Flavor Version Tinstall Tcheck Ttotal Status Flags
r-devel-linux-x86_64-debian-clang 1.1.3 5.58 106.39 111.97 NOTE
r-devel-linux-x86_64-debian-gcc 1.2.0 4.23 75.88 80.11 OK
r-devel-linux-x86_64-fedora-clang 1.2.0 189.72 OK
r-devel-linux-x86_64-fedora-gcc 1.2.0 195.43 OK
r-devel-windows-x86_64 1.1.3 9.00 113.00 122.00 NOTE
r-patched-linux-x86_64 1.1.3 6.50 102.04 108.54 NOTE
r-release-linux-x86_64 1.1.3 5.04 100.12 105.16 NOTE
r-release-macos-arm64 1.1.3 81.00 OK
r-release-macos-x86_64 1.2.0 104.00 OK
r-release-windows-x86_64 1.2.0 12.00 132.00 144.00 OK
r-oldrel-macos-arm64 1.1.3 60.00 NOTE
r-oldrel-macos-x86_64 1.2.0 100.00 OK
r-oldrel-windows-x86_64 1.2.0 15.00 154.00 169.00 OK

Check Details

Version: 1.1.3
Check: Rd cross-references
Result: NOTE Found the following Rd file(s) with Rd \link{} targets missing package anchors: axis_canvas.Rd: ggplot2, coord_flip background_grid.Rd: theme draw_line.Rd: geom_path draw_text.Rd: geom_label ggsave2.Rd: ggsave insert_xaxis_grob.Rd: ggplot2 save_plot.Rd: ggsave theme_minimal_grid.Rd: theme_minimal Please provide package anchors for all Rd \link{} targets not in the package itself and the base packages. Flavors: r-devel-linux-x86_64-debian-clang, r-devel-windows-x86_64, r-patched-linux-x86_64, r-release-linux-x86_64

Version: 1.1.3
Check: package dependencies
Result: NOTE Package suggested but not available for checking: ‘testthat’ Flavor: r-oldrel-macos-arm64

mirror server hosted at Truenetwork, Russian Federation.