CRAN Package Check Results for Package cramer

Last updated on 2025-07-13 06:48:21 CEST.

Flavor Version Tinstall Tcheck Ttotal Status Flags
r-devel-linux-x86_64-debian-clang 0.9-4 10.14 25.32 35.46 NOTE
r-devel-linux-x86_64-debian-gcc 0.9-4 7.45 20.27 27.72 NOTE
r-devel-linux-x86_64-fedora-clang 0.9-4 57.43 OK
r-devel-linux-x86_64-fedora-gcc 0.9-4 53.05 OK
r-devel-windows-x86_64 0.9-4 14.00 65.00 79.00 OK
r-patched-linux-x86_64 0.9-4 10.13 24.05 34.18 OK
r-release-linux-x86_64 0.9-4 9.74 24.00 33.74 OK
r-release-macos-arm64 0.9-4 21.00 OK
r-release-macos-x86_64 0.9-4 35.00 OK
r-release-windows-x86_64 0.9-4 14.00 63.00 77.00 OK
r-oldrel-macos-arm64 0.9-4 21.00 OK
r-oldrel-macos-x86_64 0.9-4 30.00 OK
r-oldrel-windows-x86_64 0.9-4 13.00 67.00 80.00 OK

Check Details

Version: 0.9-4
Check: CRAN incoming feasibility
Result: NOTE Maintainer: ‘Carsten Franz <carsten.franz@gmail.com>’ No Authors@R field in DESCRIPTION. Please add one, modifying Authors@R: person(given = "Carsten", family = "Franz", role = c("aut", "cre"), email = "carsten.franz@gmail.com") as necessary. Flavors: r-devel-linux-x86_64-debian-clang, r-devel-linux-x86_64-debian-gcc

mirror server hosted at Truenetwork, Russian Federation.