Last updated on 2025-11-04 05:51:07 CET.
| Flavor | Version | Tinstall | Tcheck | Ttotal | Status | Flags | 
|---|---|---|---|---|---|---|
| r-devel-linux-x86_64-debian-clang | 0.0.6 | 2.02 | 24.78 | 26.80 | NOTE | |
| r-devel-linux-x86_64-debian-gcc | 0.0.6 | 1.72 | 19.47 | 21.19 | NOTE | |
| r-devel-linux-x86_64-fedora-clang | 0.0.6 | 39.22 | OK | |||
| r-devel-linux-x86_64-fedora-gcc | 0.0.6 | 38.38 | OK | |||
| r-devel-windows-x86_64 | 0.0.6 | 4.00 | 43.00 | 47.00 | OK | |
| r-patched-linux-x86_64 | 0.0.6 | 2.33 | 23.62 | 25.95 | OK | |
| r-release-linux-x86_64 | 0.0.6 | 2.00 | 23.37 | 25.37 | OK | |
| r-release-macos-arm64 | 0.0.6 | 1.00 | 18.00 | 19.00 | OK | |
| r-release-macos-x86_64 | 0.0.6 | 2.00 | 25.00 | 27.00 | OK | |
| r-release-windows-x86_64 | 0.0.6 | 4.00 | 42.00 | 46.00 | OK | |
| r-oldrel-macos-arm64 | 0.0.6 | 1.00 | 14.00 | 15.00 | OK | |
| r-oldrel-macos-x86_64 | 0.0.6 | 2.00 | 27.00 | 29.00 | OK | |
| r-oldrel-windows-x86_64 | 0.0.6 | 4.00 | 48.00 | 52.00 | OK | 
Version: 0.0.6
Check: CRAN incoming feasibility
Result: NOTE
  Maintainer: ‘Nick Kunz <nick.kunz@columbia.edu>’
  
  No Authors@R field in DESCRIPTION.
  Please add one, modifying
    Authors@R: person(given = "Nick",
                      family = "Kunz",
                      role = c("aut", "cre"),
                      email = "nick.kunz@columbia.edu")
  as necessary.
Flavors: r-devel-linux-x86_64-debian-clang, r-devel-linux-x86_64-debian-gcc