Last updated on 2025-02-22 11:51:23 CET.
Flavor | Version | Tinstall | Tcheck | Ttotal | Status | Flags |
---|---|---|---|---|---|---|
r-devel-linux-x86_64-debian-clang | 0.2.3 | 10.64 | 92.24 | 102.88 | NOTE | |
r-devel-linux-x86_64-debian-gcc | 0.2.3 | 7.08 | 68.95 | 76.03 | NOTE | |
r-devel-linux-x86_64-fedora-clang | 0.2.3 | 163.72 | OK | |||
r-devel-linux-x86_64-fedora-gcc | 0.2.3 | 164.45 | OK | |||
r-devel-macos-arm64 | 0.2.3 | 56.00 | OK | |||
r-devel-macos-x86_64 | 0.2.3 | 104.00 | OK | |||
r-devel-windows-x86_64 | 0.2.3 | 10.00 | 105.00 | 115.00 | NOTE | |
r-patched-linux-x86_64 | 0.2.3 | 15.87 | 86.31 | 102.18 | OK | |
r-release-linux-x86_64 | 0.2.3 | 9.74 | 86.83 | 96.57 | OK | |
r-release-macos-arm64 | 0.2.3 | 53.00 | OK | |||
r-release-macos-x86_64 | 0.2.3 | 75.00 | OK | |||
r-release-windows-x86_64 | 0.2.3 | 12.00 | 103.00 | 115.00 | OK | |
r-oldrel-macos-arm64 | 0.2.3 | 56.00 | OK | |||
r-oldrel-macos-x86_64 | 0.2.3 | 87.00 | OK | |||
r-oldrel-windows-x86_64 | 0.2.3 | 15.00 | 120.00 | 135.00 | OK |
Version: 0.2.3
Check: Rd cross-references
Result: NOTE
Found the following Rd file(s) with Rd \link{} targets missing package
anchors:
crsra_anonymize.Rd: digest
Please provide package anchors for all Rd \link{} targets not in the
package itself and the base packages.
Flavors: r-devel-linux-x86_64-debian-clang, r-devel-linux-x86_64-debian-gcc, r-devel-windows-x86_64