Last updated on 2025-05-08 18:51:28 CEST.
Flavor | Version | Tinstall | Tcheck | Ttotal | Status | Flags |
---|---|---|---|---|---|---|
r-devel-linux-x86_64-debian-clang | 1.1 | 28.44 | 238.13 | 266.57 | NOTE | |
r-devel-linux-x86_64-debian-gcc | 1.1 | 17.93 | 149.66 | 167.59 | NOTE | |
r-devel-linux-x86_64-fedora-clang | 1.1 | 407.03 | NOTE | |||
r-devel-linux-x86_64-fedora-gcc | 1.1 | 406.59 | NOTE | |||
r-devel-windows-x86_64 | 1.1 | 24.00 | 181.00 | 205.00 | NOTE | |
r-patched-linux-x86_64 | 1.1 | 26.13 | 219.02 | 245.15 | NOTE | |
r-release-linux-x86_64 | 1.1 | 25.41 | 220.89 | 246.30 | NOTE | |
r-release-macos-arm64 | 1.1 | 88.00 | NOTE | |||
r-release-macos-x86_64 | 1.1 | 197.00 | NOTE | |||
r-release-windows-x86_64 | 1.1 | 26.00 | 190.00 | 216.00 | NOTE | |
r-oldrel-macos-arm64 | 1.1 | 85.00 | NOTE | |||
r-oldrel-macos-x86_64 | 1.1 | 138.00 | NOTE | |||
r-oldrel-windows-x86_64 | 1.1 | 35.00 | 238.00 | 273.00 | NOTE |
Version: 1.1
Check: CRAN incoming feasibility
Result: NOTE
Maintainer: ‘Benjamin M. Taylor <benjamin.taylor.software@gmail.com>’
No Authors@R field in DESCRIPTION.
Please add one, modifying
Authors@R: c(person(given = c("Benjamin", "M.", "Taylor", "Additional", "contributions", "Bikash", "Parida", "Jacob"),
family = "Davies",
role = "aut"),
person(given = c("Benjamin", "M."),
family = "Taylor",
role = "cre",
email = "benjamin.taylor.software@gmail.com"))
as necessary.
Flavors: r-devel-linux-x86_64-debian-clang, r-devel-linux-x86_64-debian-gcc
Version: 1.1
Check: Rd files
Result: NOTE
checkRd: (-1) cruts-package.Rd:21: Lost braces
21 | section{Dependencies}{
| ^
checkRd: (-1) cruts-package.Rd:21-24: Lost braces
21 | section{Dependencies}{
| ^
checkRd: (-1) cruts-package.Rd:26: Lost braces
26 | section{Citation}{
| ^
checkRd: (-1) cruts-package.Rd:26-28: Lost braces
26 | section{Citation}{
| ^
checkRd: (-1) cruts-package.Rd:30-32: Lost braces
30 | references{
| ^
Flavors: r-devel-linux-x86_64-debian-clang, r-devel-linux-x86_64-debian-gcc, r-devel-linux-x86_64-fedora-clang, r-devel-linux-x86_64-fedora-gcc, r-devel-windows-x86_64, r-patched-linux-x86_64, r-release-linux-x86_64, r-release-macos-arm64, r-release-macos-x86_64, r-release-windows-x86_64, r-oldrel-macos-arm64, r-oldrel-macos-x86_64, r-oldrel-windows-x86_64