Last updated on 2025-11-03 17:49:46 CET.
| Flavor | Version | Tinstall | Tcheck | Ttotal | Status | Flags |
|---|---|---|---|---|---|---|
| r-devel-linux-x86_64-debian-clang | 0.2-2 | 20.33 | 58.12 | 78.45 | NOTE | |
| r-devel-linux-x86_64-debian-gcc | 0.2-2 | 13.77 | 43.15 | 56.92 | NOTE | |
| r-devel-linux-x86_64-fedora-clang | 0.2-2 | 49.00 | 95.74 | 144.74 | OK | |
| r-devel-linux-x86_64-fedora-gcc | 0.2-2 | 50.00 | 92.94 | 142.94 | OK | |
| r-devel-windows-x86_64 | 0.2-2 | 32.00 | 210.00 | 242.00 | OK | |
| r-patched-linux-x86_64 | 0.2-2 | 20.77 | 57.70 | 78.47 | OK | |
| r-release-linux-x86_64 | 0.2-2 | 19.25 | 58.21 | 77.46 | OK | |
| r-release-macos-arm64 | 0.2-2 | 10.00 | 28.00 | 38.00 | OK | |
| r-release-macos-x86_64 | 0.2-2 | 12.00 | 55.00 | 67.00 | OK | |
| r-release-windows-x86_64 | 0.2-2 | 40.00 | 210.00 | 250.00 | OK | |
| r-oldrel-macos-arm64 | 0.2-2 | 10.00 | 29.00 | 39.00 | OK | |
| r-oldrel-macos-x86_64 | 0.2-2 | 11.00 | 45.00 | 56.00 | OK | |
| r-oldrel-windows-x86_64 | 0.2-2 | 32.00 | 212.00 | 244.00 | OK |
Version: 0.2-2
Check: CRAN incoming feasibility
Result: NOTE
Maintainer: ‘Jonas M. B. Haslbeck <jonas.haslbeck@gmail.com>’
No Authors@R field in DESCRIPTION.
Please add one, modifying
Authors@R: c(person(given = c("Jonas", "M.", "B."),
family = "Haslbeck",
role = c("aut", "cre"),
email = "jonas.haslbeck@gmail.com"),
person(given = c("Dirk", "U."),
family = "Wulff",
role = "aut"))
as necessary.
Flavors: r-devel-linux-x86_64-debian-clang, r-devel-linux-x86_64-debian-gcc